Last updated on 2025-11-22 09:49:57 CET.
| Flavor | Version | Tinstall | Tcheck | Ttotal | Status | Flags |
|---|---|---|---|---|---|---|
| r-devel-linux-x86_64-debian-clang | 0.3.0 | 41.47 | 167.88 | 209.35 | OK | |
| r-devel-linux-x86_64-debian-gcc | 0.3.0 | 29.49 | 106.62 | 136.11 | OK | |
| r-devel-linux-x86_64-fedora-clang | 0.3.0 | 197.00 | 154.17 | 351.17 | OK | |
| r-devel-linux-x86_64-fedora-gcc | 0.3.0 | 184.00 | 169.43 | 353.43 | OK | |
| r-devel-windows-x86_64 | 0.2.0 | 45.00 | 198.00 | 243.00 | OK | |
| r-patched-linux-x86_64 | 0.3.0 | 41.44 | 157.89 | 199.33 | OK | |
| r-release-linux-x86_64 | 0.2.0 | 39.31 | 155.97 | 195.28 | OK | |
| r-release-macos-arm64 | 0.2.0 | 17.00 | 27.00 | 44.00 | OK | |
| r-release-macos-x86_64 | 0.3.0 | 39.00 | 195.00 | 234.00 | OK | |
| r-release-windows-x86_64 | 0.2.0 | 43.00 | 196.00 | 239.00 | OK | |
| r-oldrel-macos-arm64 | 0.3.0 | 0.00 | 11.00 | 11.00 | ERROR | |
| r-oldrel-macos-x86_64 | 0.3.0 | 36.00 | 157.00 | 193.00 | OK | |
| r-oldrel-windows-x86_64 | 0.2.0 | 57.00 | 253.00 | 310.00 | OK |
Version: 0.3.0
Check: whether package can be installed
Result: ERROR
Installation failed.
Flavor: r-oldrel-macos-arm64