Last updated on 2025-10-22 09:50:38 CEST.
Flavor | Version | Tinstall | Tcheck | Ttotal | Status | Flags |
---|---|---|---|---|---|---|
r-devel-linux-x86_64-debian-clang | 1.2.3 | 6.09 | 192.06 | 198.15 | NOTE | |
r-devel-linux-x86_64-debian-gcc | 1.2.3 | 5.06 | 122.60 | 127.66 | NOTE | |
r-devel-linux-x86_64-fedora-clang | 1.2.4 | 45.00 | 285.21 | 330.21 | OK | |
r-devel-linux-x86_64-fedora-gcc | 1.2.4 | 24.00 | 315.22 | 339.22 | OK | |
r-devel-windows-x86_64 | 1.2.3 | 8.00 | 216.00 | 224.00 | OK | |
r-patched-linux-x86_64 | 1.2.3 | 6.26 | 182.96 | 189.22 | OK | |
r-release-linux-x86_64 | 1.2.3 | 5.63 | 182.70 | 188.33 | OK | |
r-release-macos-arm64 | 1.2.4 | 3.00 | 84.00 | 87.00 | OK | |
r-release-macos-x86_64 | 1.2.4 | 8.00 | 270.00 | 278.00 | OK | |
r-release-windows-x86_64 | 1.2.3 | 8.00 | 217.00 | 225.00 | OK | |
r-oldrel-macos-arm64 | 1.2.4 | 3.00 | 90.00 | 93.00 | OK | |
r-oldrel-macos-x86_64 | 1.2.4 | 9.00 | 256.00 | 265.00 | OK | |
r-oldrel-windows-x86_64 | 1.2.3 | 12.00 | 285.00 | 297.00 | OK |
Version: 1.2.3
Check: HTML version of manual
Result: NOTE
Found the following HTML validation problems:
logLik.logLikVec.html:52:1 (logLik.logLikVec.Rd:13): Warning: missing </ul> before </div>
logLikVec.html:51:1 (logLikVec.Rd:12): Warning: missing </ul> before </div>
Flavors: r-devel-linux-x86_64-debian-clang, r-devel-linux-x86_64-debian-gcc