Last updated on 2025-11-01 10:49:42 CET.
| Flavor | Version | Tinstall | Tcheck | Ttotal | Status | Flags |
|---|---|---|---|---|---|---|
| r-devel-linux-x86_64-debian-clang | 1.8.2 | 37.40 | 372.95 | 410.35 | OK | |
| r-devel-linux-x86_64-debian-gcc | 1.8.2 | 22.36 | 238.55 | 260.91 | OK | |
| r-devel-linux-x86_64-fedora-clang | 1.8.2 | 93.00 | 567.56 | 660.56 | OK | |
| r-devel-linux-x86_64-fedora-gcc | 1.8.2 | 273.00 | 424.94 | 697.94 | OK | |
| r-devel-windows-x86_64 | 1.8.1 | 36.00 | 333.00 | 369.00 | NOTE | |
| r-patched-linux-x86_64 | 1.8.1 | 36.95 | 355.93 | 392.88 | NOTE | |
| r-release-linux-x86_64 | 1.8.1 | 32.32 | 355.04 | 387.36 | NOTE | |
| r-release-macos-arm64 | 1.8.2 | 14.00 | 134.00 | 148.00 | OK | |
| r-release-macos-x86_64 | 1.8.2 | 33.00 | 324.00 | 357.00 | OK | |
| r-release-windows-x86_64 | 1.8.2 | 42.00 | 317.00 | 359.00 | OK | |
| r-oldrel-macos-arm64 | 1.8.2 | 14.00 | 134.00 | 148.00 | OK | |
| r-oldrel-macos-x86_64 | 1.8.2 | 49.00 | 300.00 | 349.00 | OK | |
| r-oldrel-windows-x86_64 | 1.8.2 | 58.00 | 445.00 | 503.00 | OK |
Version: 1.8.1
Check: DESCRIPTION meta-information
Result: NOTE
Missing dependency on R >= 4.1.0 because package code uses the pipe
|> or function shorthand \(...) syntax added in R 4.1.0.
File(s) using such syntax:
'contr.Rd'
Flavors: r-devel-windows-x86_64, r-patched-linux-x86_64, r-release-linux-x86_64