Last updated on 2025-11-15 11:50:48 CET.
| Flavor | Version | Tinstall | Tcheck | Ttotal | Status | Flags |
|---|---|---|---|---|---|---|
| r-devel-linux-x86_64-debian-clang | 0.0.1 | 2.68 | 38.36 | 41.04 | OK | |
| r-devel-linux-x86_64-debian-gcc | 0.0.1 | 1.96 | 28.03 | 29.99 | OK | |
| r-devel-linux-x86_64-fedora-clang | 0.0.1 | 12.00 | 52.49 | 64.49 | NOTE | |
| r-devel-linux-x86_64-fedora-gcc | 0.0.1 | 54.57 | NOTE | |||
| r-devel-windows-x86_64 | 0.0.1 | 11.00 | 55.00 | 66.00 | OK | |
| r-patched-linux-x86_64 | 0.0.1 | 1.93 | 34.77 | 36.70 | OK | |
| r-release-linux-x86_64 | 0.0.1 | 2.57 | 34.40 | 36.97 | OK | |
| r-release-macos-arm64 | 0.0.1 | 1.00 | 19.00 | 20.00 | OK | |
| r-release-macos-x86_64 | 0.0.1 | 2.00 | 35.00 | 37.00 | OK | |
| r-release-windows-x86_64 | 0.0.1 | 5.00 | 57.00 | 62.00 | OK | |
| r-oldrel-macos-arm64 | 0.0.1 | 1.00 | 21.00 | 22.00 | OK | |
| r-oldrel-macos-x86_64 | 0.0.1 | 3.00 | 51.00 | 54.00 | OK | |
| r-oldrel-windows-x86_64 | 0.0.1 | 5.00 | 66.00 | 71.00 | OK |
Version: 0.0.1
Check: dependencies in R code
Result: NOTE
Namespaces in Imports field not imported from:
‘bslib’ ‘ggplot2’ ‘shinydashboard’
All declared Imports should be used.
Flavors: r-devel-linux-x86_64-fedora-clang, r-devel-linux-x86_64-fedora-gcc