Last updated on 2025-11-24 09:50:36 CET.
| Flavor | Version | Tinstall | Tcheck | Ttotal | Status | Flags |
|---|---|---|---|---|---|---|
| r-devel-linux-x86_64-debian-clang | 1.0.4 | 12.25 | 99.30 | 111.55 | NOTE | |
| r-devel-linux-x86_64-debian-gcc | 1.0.4 | 8.08 | 73.21 | 81.29 | NOTE | |
| r-devel-linux-x86_64-fedora-clang | 1.0.4 | 27.00 | 144.42 | 171.42 | OK | |
| r-devel-linux-x86_64-fedora-gcc | 1.0.4 | 26.00 | 164.67 | 190.67 | OK | |
| r-devel-windows-x86_64 | 1.0.4 | 13.00 | 183.00 | 196.00 | OK | |
| r-patched-linux-x86_64 | 1.0.4 | 11.03 | 91.23 | 102.26 | OK | |
| r-release-linux-x86_64 | 1.0.4 | 11.86 | 91.68 | 103.54 | OK | |
| r-release-macos-arm64 | 1.0.4 | OK | ||||
| r-release-macos-x86_64 | 1.0.4 | 10.00 | 177.00 | 187.00 | OK | |
| r-release-windows-x86_64 | 1.0.4 | 11.00 | 183.00 | 194.00 | OK | |
| r-oldrel-macos-arm64 | 1.0.4 | OK | ||||
| r-oldrel-macos-x86_64 | 1.0.4 | 7.00 | 94.00 | 101.00 | OK | |
| r-oldrel-windows-x86_64 | 1.0.4 | 16.00 | 195.00 | 211.00 | OK |
Version: 1.0.4
Check: CRAN incoming feasibility
Result: NOTE
Maintainer: ‘Iago Giné-Vázquez <iago.gin-vaz@protonmail.com>’
The Description field contains
in Arsalane Chouaib Guidoum (2020) <arXiv:2012.06102> [stat.CO]).
Please refer to arXiv e-prints via their arXiv DOI <doi:10.48550/arXiv.YYMM.NNNNN>.
Flavors: r-devel-linux-x86_64-debian-clang, r-devel-linux-x86_64-debian-gcc