Last updated on 2025-11-15 11:50:47 CET.
| Flavor | Version | Tinstall | Tcheck | Ttotal | Status | Flags |
|---|---|---|---|---|---|---|
| r-devel-linux-x86_64-debian-clang | 1.2.2 | 41.97 | 33.25 | 75.22 | NOTE | |
| r-devel-linux-x86_64-debian-gcc | 1.2.2 | 35.02 | 26.60 | 61.62 | NOTE | |
| r-devel-linux-x86_64-fedora-clang | 1.2.2 | 143.00 | -6.44 | 136.56 | NOTE | |
| r-devel-linux-x86_64-fedora-gcc | 1.2.2 | 62.00 | 87.81 | 149.81 | NOTE | |
| r-devel-windows-x86_64 | 1.2.2 | 60.00 | 75.00 | 135.00 | NOTE | |
| r-patched-linux-x86_64 | 1.2.2 | 44.35 | 31.14 | 75.49 | NOTE | |
| r-release-linux-x86_64 | 1.2.2 | 44.95 | 30.76 | 75.71 | NOTE | |
| r-release-macos-arm64 | 1.2.2 | 19.00 | 35.00 | 54.00 | NOTE | |
| r-release-macos-x86_64 | 1.2.2 | 18.00 | 61.00 | 79.00 | NOTE | |
| r-release-windows-x86_64 | 1.2.2 | 46.00 | 70.00 | 116.00 | NOTE | |
| r-oldrel-macos-arm64 | 1.2.2 | 20.00 | 25.00 | 45.00 | NOTE | |
| r-oldrel-macos-x86_64 | 1.2.2 | 25.00 | 47.00 | 72.00 | NOTE | |
| r-oldrel-windows-x86_64 | 1.2.2 | 55.00 | 90.00 | 145.00 | NOTE |
Version: 1.2.2
Check: C++ specification
Result: NOTE
Specified C++11: please drop specification unless essential
Flavors: r-devel-linux-x86_64-debian-clang, r-devel-linux-x86_64-debian-gcc, r-devel-linux-x86_64-fedora-clang, r-devel-linux-x86_64-fedora-gcc, r-devel-windows-x86_64, r-patched-linux-x86_64, r-release-linux-x86_64, r-release-macos-arm64, r-release-macos-x86_64, r-release-windows-x86_64, r-oldrel-macos-arm64, r-oldrel-macos-x86_64, r-oldrel-windows-x86_64
Version: 1.2.2
Check: installed package size
Result: NOTE
installed size is 5.3Mb
sub-directories of 1Mb or more:
doc 1.2Mb
libs 3.9Mb
Flavors: r-oldrel-macos-arm64, r-oldrel-macos-x86_64