CRAN Package Check Results for Package isoband

Last updated on 2025-10-22 09:50:37 CEST.

Flavor Version Tinstall Tcheck Ttotal Status Flags
r-devel-linux-x86_64-debian-clang 0.2.7 9.25 39.42 48.67 NOTE
r-devel-linux-x86_64-debian-gcc 0.2.7 6.29 30.99 37.28 NOTE
r-devel-linux-x86_64-fedora-clang 0.2.7 31.00 46.08 77.08 NOTE
r-devel-linux-x86_64-fedora-gcc 0.2.7 28.00 55.41 83.41 NOTE
r-devel-windows-x86_64 0.2.7 16.00 72.00 88.00 NOTE
r-patched-linux-x86_64 0.2.7 8.05 36.71 44.76 NOTE
r-release-linux-x86_64 0.2.7 7.54 36.23 43.77 NOTE
r-release-macos-arm64 0.2.7 5.00 31.00 36.00 NOTE
r-release-macos-x86_64 0.2.7 7.00 53.00 60.00 NOTE
r-release-windows-x86_64 0.2.7 15.00 74.00 89.00 NOTE
r-oldrel-macos-arm64 0.2.7 4.00 34.00 38.00 NOTE
r-oldrel-macos-x86_64 0.2.7 8.00 43.00 51.00 NOTE
r-oldrel-windows-x86_64 0.2.7 18.00 85.00 103.00 NOTE

Check Details

Version: 0.2.7
Check: C++ specification
Result: NOTE Specified C++11: please drop specification unless essential Flavors: r-devel-linux-x86_64-debian-clang, r-devel-linux-x86_64-debian-gcc, r-devel-linux-x86_64-fedora-clang, r-devel-linux-x86_64-fedora-gcc, r-devel-windows-x86_64, r-patched-linux-x86_64, r-release-linux-x86_64, r-release-macos-arm64, r-release-macos-x86_64, r-release-windows-x86_64, r-oldrel-macos-arm64, r-oldrel-macos-x86_64, r-oldrel-windows-x86_64

Version: 0.2.7
Check: compiled code
Result: NOTE File ‘isoband/libs/isoband.so’: Found non-API call to R: ‘SETLENGTH’ Compiled code should not call non-API entry points in R. See ‘Writing portable packages’ in the ‘Writing R Extensions’ manual, and section ‘Moving into C API compliance’ for issues with the use of non-API entry points. Flavors: r-devel-linux-x86_64-debian-clang, r-devel-linux-x86_64-debian-gcc, r-devel-linux-x86_64-fedora-clang, r-devel-linux-x86_64-fedora-gcc, r-patched-linux-x86_64, r-release-linux-x86_64, r-release-macos-arm64, r-release-macos-x86_64

Version: 0.2.7
Check: HTML version of manual
Result: NOTE Found the following HTML validation problems: clip_lines.html:68:1 (clip_lines.Rd:23): Warning: missing </ul> before </div> label_placer_simple.html:63:1 (label_placer_simple.Rd:20): Warning: missing </ul> before </div> Flavors: r-devel-linux-x86_64-debian-clang, r-devel-linux-x86_64-debian-gcc

Version: 0.2.7
Check: compiled code
Result: NOTE File 'isoband/libs/x64/isoband.dll': Found non-API call to R: 'SETLENGTH' Compiled code should not call non-API entry points in R. See 'Writing portable packages' in the 'Writing R Extensions' manual, and section 'Moving into C API compliance' for issues with the use of non-API entry points. Flavors: r-devel-windows-x86_64, r-release-windows-x86_64