Last updated on 2025-10-31 09:50:20 CET.
| Flavor | Version | Tinstall | Tcheck | Ttotal | Status | Flags | 
|---|---|---|---|---|---|---|
| r-devel-linux-x86_64-debian-clang | 0.1.2 | 36.42 | 28.98 | 65.40 | NOTE | |
| r-devel-linux-x86_64-debian-gcc | 0.1.2 | 23.46 | 24.29 | 47.75 | NOTE | |
| r-devel-linux-x86_64-fedora-clang | 0.1.2 | 239.00 | -89.72 | 149.28 | NOTE | |
| r-devel-linux-x86_64-fedora-gcc | 0.1.2 | 98.00 | 4.23 | 102.23 | NOTE | |
| r-devel-windows-x86_64 | 0.1.2 | 42.00 | 60.00 | 102.00 | NOTE | |
| r-patched-linux-x86_64 | 0.1.2 | 33.69 | 26.84 | 60.53 | NOTE | |
| r-release-linux-x86_64 | 0.1.2 | 35.42 | 26.88 | 62.30 | NOTE | |
| r-release-macos-arm64 | 0.1.2 | 14.00 | 18.00 | 32.00 | NOTE | |
| r-release-macos-x86_64 | 0.1.2 | 20.00 | 44.00 | 64.00 | NOTE | |
| r-release-windows-x86_64 | 0.1.2 | 44.00 | 65.00 | 109.00 | NOTE | |
| r-oldrel-macos-arm64 | 0.1.2 | 15.00 | 24.00 | 39.00 | OK | |
| r-oldrel-macos-x86_64 | 0.1.2 | 20.00 | 38.00 | 58.00 | OK | |
| r-oldrel-windows-x86_64 | 0.1.2 | 44.00 | 75.00 | 119.00 | OK | 
Version: 0.1.2
Check: DESCRIPTION meta-information
Result: NOTE
    Missing dependency on R >= 4.1.0 because package code uses the pipe
    |> or function shorthand \(...) syntax added in R 4.1.0.
    File(s) using such syntax:
      ‘iso8601todataframe.R’
Flavors: r-devel-linux-x86_64-debian-clang, r-devel-linux-x86_64-debian-gcc, r-devel-linux-x86_64-fedora-clang, r-devel-linux-x86_64-fedora-gcc, r-devel-windows-x86_64, r-patched-linux-x86_64, r-release-linux-x86_64, r-release-macos-arm64, r-release-macos-x86_64, r-release-windows-x86_64