CRAN Package Check Results for Package ir

Last updated on 2025-11-16 09:49:30 CET.

Flavor Version Tinstall Tcheck Ttotal Status Flags
r-devel-linux-x86_64-debian-clang 0.4.1 11.92 188.02 199.94 OK
r-devel-linux-x86_64-debian-gcc 0.4.1 7.78 126.02 133.80 NOTE
r-devel-linux-x86_64-fedora-clang 0.4.1 58.00 274.54 332.54 OK
r-devel-linux-x86_64-fedora-gcc 0.4.1 26.00 276.74 302.74 OK
r-devel-windows-x86_64 0.4.1 22.00 195.00 217.00 OK
r-patched-linux-x86_64 0.4.1 12.28 181.05 193.33 OK
r-release-linux-x86_64 0.4.1 11.58 181.93 193.51 OK
r-release-macos-arm64 0.4.1 4.00 70.00 74.00 OK
r-release-macos-x86_64 0.4.1 10.00 167.00 177.00 OK
r-release-windows-x86_64 0.4.1 17.00 194.00 211.00 OK
r-oldrel-macos-arm64 0.4.1 5.00 85.00 90.00 OK
r-oldrel-macos-x86_64 0.4.1 11.00 193.00 204.00 OK
r-oldrel-windows-x86_64 0.4.1 20.00 251.00 271.00 OK

Check Details

Version: 0.4.1
Check: CRAN incoming feasibility
Result: NOTE Maintainer: ‘Henning Teickner <henning.teickner@uni-muenster.de>’ The BugReports field in DESCRIPTION has https://github.com/henningte/ir/issues/ which should likely be https://github.com/henningte/ir/issues/issues instead. Flavor: r-devel-linux-x86_64-debian-gcc