Last updated on 2025-10-22 09:50:36 CEST.
Flavor | Version | Tinstall | Tcheck | Ttotal | Status | Flags |
---|---|---|---|---|---|---|
r-devel-linux-x86_64-debian-clang | 0.9.0 | 12.19 | 252.10 | 264.29 | NOTE | |
r-devel-linux-x86_64-debian-gcc | 0.9.0 | 7.08 | 193.12 | 200.20 | NOTE | |
r-devel-linux-x86_64-fedora-clang | 0.9.0 | 35.00 | 349.18 | 384.18 | OK | |
r-devel-linux-x86_64-fedora-gcc | 0.9.0 | 27.00 | 353.16 | 380.16 | OK | |
r-devel-windows-x86_64 | 0.9.0 | 14.00 | 293.00 | 307.00 | OK | |
r-patched-linux-x86_64 | 0.9.0 | 13.96 | 239.39 | 253.35 | OK | |
r-release-linux-x86_64 | 0.9.0 | 13.14 | 240.07 | 253.21 | OK | |
r-release-macos-arm64 | 0.9.0 | 6.00 | 125.00 | 131.00 | OK | |
r-release-macos-x86_64 | 0.9.0 | 11.00 | 261.00 | 272.00 | OK | |
r-release-windows-x86_64 | 0.9.0 | 15.00 | 294.00 | 309.00 | OK | |
r-oldrel-macos-arm64 | 0.9.0 | 5.00 | 125.00 | 130.00 | OK | |
r-oldrel-macos-x86_64 | 0.9.0 | 11.00 | 245.00 | 256.00 | OK | |
r-oldrel-windows-x86_64 | 0.9.0 | 20.00 | 359.00 | 379.00 | OK |
Version: 0.9.0
Check: HTML version of manual
Result: NOTE
Found the following HTML validation problems:
ipums_ddi-class.html:109:1 (ipums_ddi-class.Rd:58): Warning: missing </ul> before </div>
Flavors: r-devel-linux-x86_64-debian-clang, r-devel-linux-x86_64-debian-gcc