Last updated on 2025-10-24 09:50:06 CEST.
| Flavor | Version | Tinstall | Tcheck | Ttotal | Status | Flags |
|---|---|---|---|---|---|---|
| r-devel-linux-x86_64-debian-clang | 0.2.0 | 2.15 | 45.45 | 47.60 | NOTE | |
| r-devel-linux-x86_64-debian-gcc | 0.2.0 | 1.65 | 34.17 | 35.82 | NOTE | |
| r-devel-linux-x86_64-fedora-clang | 0.2.0 | 70.38 | NOTE | |||
| r-devel-linux-x86_64-fedora-gcc | 0.2.0 | 86.63 | NOTE | |||
| r-devel-windows-x86_64 | 0.2.0 | 3.00 | 63.00 | 66.00 | NOTE | |
| r-patched-linux-x86_64 | 0.2.0 | 2.16 | 42.74 | 44.90 | NOTE | |
| r-release-linux-x86_64 | 0.2.0 | 2.26 | 42.10 | 44.36 | NOTE | |
| r-release-macos-arm64 | 0.2.0 | 1.00 | 38.00 | 39.00 | NOTE | |
| r-release-macos-x86_64 | 0.2.0 | 2.00 | 68.00 | 70.00 | NOTE | |
| r-release-windows-x86_64 | 0.2.0 | 4.00 | 63.00 | 67.00 | NOTE | |
| r-oldrel-macos-arm64 | 0.2.0 | 1.00 | 28.00 | 29.00 | NOTE | |
| r-oldrel-macos-x86_64 | 0.2.0 | 2.00 | 54.00 | 56.00 | NOTE | |
| r-oldrel-windows-x86_64 | 0.2.0 | 5.00 | 70.00 | 75.00 | NOTE |
Version: 0.2.0
Check: Rd files
Result: NOTE
checkRd: (-1) remit.Rd:32: Lost braces
32 | A data set to replicate the findings of Escrib\`{a}-Folch,
| ^
checkRd: (-1) remit.Rd:38: Lost braces
38 | Escrib\`{a}-Folch, A., Meseguer, C. and Wright, J. (2018), Remittances and Protest in Dictatorships. American Journal of Political Science, 62: 889-904. \doi{10.1111/ajps.12382}
| ^
Flavors: r-devel-linux-x86_64-debian-clang, r-devel-linux-x86_64-debian-gcc, r-devel-linux-x86_64-fedora-clang, r-devel-linux-x86_64-fedora-gcc, r-devel-windows-x86_64, r-patched-linux-x86_64, r-release-linux-x86_64, r-release-macos-arm64, r-release-macos-x86_64, r-release-windows-x86_64, r-oldrel-macos-arm64, r-oldrel-macos-x86_64, r-oldrel-windows-x86_64