Last updated on 2025-10-22 09:50:36 CEST.
Flavor | Version | Tinstall | Tcheck | Ttotal | Status | Flags |
---|---|---|---|---|---|---|
r-devel-linux-x86_64-debian-clang | 0.1.1 | 11.30 | 218.21 | 229.51 | OK | |
r-devel-linux-x86_64-debian-gcc | 0.1.1 | 7.97 | 148.25 | 156.22 | OK | |
r-devel-linux-x86_64-fedora-clang | 0.1.1 | 57.00 | 301.51 | 358.51 | NOTE | |
r-devel-linux-x86_64-fedora-gcc | 0.1.1 | 22.00 | 309.77 | 331.77 | NOTE | |
r-devel-windows-x86_64 | 0.1.1 | 13.00 | 201.00 | 214.00 | OK | |
r-patched-linux-x86_64 | 0.1.1 | 10.68 | 202.70 | 213.38 | OK | |
r-release-linux-x86_64 | 0.1.1 | 11.39 | 200.41 | 211.80 | OK | |
r-release-macos-arm64 | 0.1.1 | 4.00 | 85.00 | 89.00 | OK | |
r-release-macos-x86_64 | 0.1.1 | 9.00 | 163.00 | 172.00 | OK | |
r-release-windows-x86_64 | 0.1.1 | 18.00 | 201.00 | 219.00 | OK | |
r-oldrel-macos-arm64 | 0.1.1 | 4.00 | 86.00 | 90.00 | OK | |
r-oldrel-macos-x86_64 | 0.1.1 | 7.00 | 126.00 | 133.00 | OK | |
r-oldrel-windows-x86_64 | 0.1.1 | 18.00 | 264.00 | 282.00 | OK |
Version: 0.1.1
Check: dependencies in R code
Result: NOTE
Namespace in Imports field not imported from: ‘moonBook’
All declared Imports should be used.
Flavors: r-devel-linux-x86_64-fedora-clang, r-devel-linux-x86_64-fedora-gcc