Last updated on 2025-11-20 11:51:14 CET.
| Flavor | Version | Tinstall | Tcheck | Ttotal | Status | Flags |
|---|---|---|---|---|---|---|
| r-devel-linux-x86_64-debian-clang | 0.1.2 | 7.11 | 68.01 | 75.12 | OK | |
| r-devel-linux-x86_64-debian-gcc | 0.1.2 | 4.86 | 48.46 | 53.32 | OK | |
| r-devel-linux-x86_64-fedora-clang | 0.1.2 | 19.00 | 99.38 | 118.38 | OK | |
| r-devel-linux-x86_64-fedora-gcc | 0.1.2 | 18.00 | 88.26 | 106.26 | OK | |
| r-devel-windows-x86_64 | 0.1.2 | 11.00 | 76.00 | 87.00 | OK | |
| r-patched-linux-x86_64 | 0.1.2 | 6.81 | 62.72 | 69.53 | OK | |
| r-release-linux-x86_64 | 0.1.2 | 7.31 | 63.45 | 70.76 | OK | |
| r-release-macos-arm64 | 0.1.2 | OK | ||||
| r-release-macos-x86_64 | 0.1.2 | 5.00 | 48.00 | 53.00 | OK | |
| r-release-windows-x86_64 | 0.1.2 | 9.00 | 76.00 | 85.00 | OK | |
| r-oldrel-macos-arm64 | 0.1.2 | NOTE | ||||
| r-oldrel-macos-x86_64 | 0.1.2 | 4.00 | 38.00 | 42.00 | NOTE | |
| r-oldrel-windows-x86_64 | 0.1.2 | 11.00 | 95.00 | 106.00 | NOTE |
Version: 0.1.2
Check: LazyData
Result: NOTE
'LazyData' is specified without a 'data' directory
Flavors: r-oldrel-macos-arm64, r-oldrel-macos-x86_64, r-oldrel-windows-x86_64