Last updated on 2025-10-22 09:50:36 CEST.
Flavor | Version | Tinstall | Tcheck | Ttotal | Status | Flags |
---|---|---|---|---|---|---|
r-devel-linux-x86_64-debian-clang | 0.1.0 | 6.45 | 67.54 | 73.99 | NOTE | |
r-devel-linux-x86_64-debian-gcc | 0.1.0 | 5.19 | 50.25 | 55.44 | NOTE | |
r-devel-linux-x86_64-fedora-clang | 0.1.0 | 20.00 | 97.13 | 117.13 | OK | |
r-devel-linux-x86_64-fedora-gcc | 0.1.0 | 16.00 | 90.40 | 106.40 | OK | |
r-devel-windows-x86_64 | 0.1.0 | 8.00 | 75.00 | 83.00 | OK | |
r-patched-linux-x86_64 | 0.1.0 | 6.41 | 64.23 | 70.64 | OK | |
r-release-linux-x86_64 | 0.1.0 | 6.70 | 64.45 | 71.15 | OK | |
r-release-macos-arm64 | 0.1.0 | 4.00 | 35.00 | 39.00 | OK | |
r-release-macos-x86_64 | 0.1.0 | 7.00 | 68.00 | 75.00 | OK | |
r-release-windows-x86_64 | 0.1.0 | 9.00 | 77.00 | 86.00 | OK | |
r-oldrel-macos-arm64 | 0.1.0 | 3.00 | 28.00 | 31.00 | OK | |
r-oldrel-macos-x86_64 | 0.1.0 | 9.00 | 46.00 | 55.00 | OK | |
r-oldrel-windows-x86_64 | 0.1.0 | 12.00 | 96.00 | 108.00 | OK |
Version: 0.1.0
Check: CRAN incoming feasibility
Result: NOTE
Maintainer: ‘Jonas Haslbeck <jonashaslbeck@gmail.com>’
No Authors@R field in DESCRIPTION.
Please add one, modifying
Authors@R: c(person(given = "Lourens",
family = "Waldorp",
role = "aut",
email = "waldorp@uva.nl"),
person(given = "Jonas",
family = "Haslbeck",
role = c("aut", "cre"),
email = "jonashaslbeck@gmail.com"))
as necessary.
Flavors: r-devel-linux-x86_64-debian-clang, r-devel-linux-x86_64-debian-gcc