Last updated on 2025-11-01 10:49:41 CET.
| Flavor | Version | Tinstall | Tcheck | Ttotal | Status | Flags |
|---|---|---|---|---|---|---|
| r-devel-linux-x86_64-debian-clang | 0.99.0 | 30.19 | 278.56 | 308.75 | OK | |
| r-devel-linux-x86_64-debian-gcc | 0.99.0 | 21.62 | 193.26 | 214.88 | OK | |
| r-devel-linux-x86_64-fedora-clang | 0.99.0 | 100.00 | 402.14 | 502.14 | OK | |
| r-devel-linux-x86_64-fedora-gcc | 0.99.0 | 208.00 | 316.60 | 524.60 | OK | |
| r-devel-windows-x86_64 | 0.99.0 | 30.00 | 242.00 | 272.00 | OK | |
| r-patched-linux-x86_64 | 0.99.0 | 0.33 | 1.88 | 2.21 | ERROR | |
| r-release-linux-x86_64 | 0.99.0 | 28.59 | 269.10 | 297.69 | OK | |
| r-release-macos-arm64 | 0.99.0 | 13.00 | 126.00 | 139.00 | OK | |
| r-release-macos-x86_64 | 0.99.0 | 31.00 | 262.00 | 293.00 | OK | |
| r-release-windows-x86_64 | 0.99.0 | 31.00 | 242.00 | 273.00 | OK | |
| r-oldrel-macos-arm64 | 0.99.0 | 13.00 | 110.00 | 123.00 | OK | |
| r-oldrel-macos-x86_64 | 0.99.0 | 20.00 | 182.00 | 202.00 | OK | |
| r-oldrel-windows-x86_64 | 0.99.0 | 39.00 | 317.00 | 356.00 | OK |
Version: 0.99.0
Check: package dependencies
Result: ERROR
Packages required but not available:
'SingleCellExperiment', 'SummarizedExperiment'
See section ‘The DESCRIPTION file’ in the ‘Writing R Extensions’
manual.
Flavor: r-patched-linux-x86_64