Last updated on 2025-10-22 09:50:36 CEST.
Flavor | Version | Tinstall | Tcheck | Ttotal | Status | Flags |
---|---|---|---|---|---|---|
r-devel-linux-x86_64-debian-clang | 0.8.2 | 423.59 | 166.50 | 590.09 | NOTE | |
r-devel-linux-x86_64-debian-gcc | 0.8.2 | 376.21 | 156.36 | 532.57 | NOTE | |
r-devel-linux-x86_64-fedora-clang | 0.8.2 | 1020.00 | -77.17 | 942.83 | OK | |
r-devel-linux-x86_64-fedora-gcc | 0.8.2 | 1260.00 | -98.34 | 1161.66 | OK | |
r-devel-windows-x86_64 | 0.8.2 | 486.00 | 268.00 | 754.00 | OK | |
r-patched-linux-x86_64 | 0.8.2 | 504.02 | 206.71 | 710.73 | OK | |
r-release-linux-x86_64 | 0.8.2 | 513.85 | 205.67 | 719.52 | OK | |
r-release-macos-arm64 | 0.8.2 | 167.00 | 54.00 | 221.00 | OK | |
r-release-macos-x86_64 | 0.8.2 | 152.00 | 112.00 | 264.00 | OK | |
r-release-windows-x86_64 | 0.8.2 | 491.00 | 258.00 | 749.00 | OK | |
r-oldrel-macos-arm64 | 0.8.2 | 87.00 | 37.00 | 124.00 | NOTE | |
r-oldrel-macos-x86_64 | 0.8.2 | 70.00 | 61.00 | 131.00 | NOTE | |
r-oldrel-windows-x86_64 | 0.8.2 | 539.00 | 338.00 | 877.00 | OK |
Version: 0.8.2
Check: HTML version of manual
Result: NOTE
Found the following HTML validation problems:
choose.next.html:68:1 (choose.next.Rd:20): Warning: missing </ul> before </div>
fit.submodel.html:70:1 (fit.submodel.Rd:22): Warning: missing </ul> before </div>
lm_proj.html:63:1 (lm_proj.Rd:19): Warning: missing </ul> before </div>
print.hsstan.html:51:1 (print.hsstan.Rd:12): Warning: missing </ul> before </div>
Flavors: r-devel-linux-x86_64-debian-clang, r-devel-linux-x86_64-debian-gcc
Version: 0.8.2
Check: installed package size
Result: NOTE
installed size is 90.0Mb
sub-directories of 1Mb or more:
libs 89.5Mb
Flavors: r-oldrel-macos-arm64, r-oldrel-macos-x86_64
Version: 0.8.2
Check: for GNU extensions in Makefiles
Result: NOTE
GNU make is a SystemRequirements.
Flavors: r-oldrel-macos-arm64, r-oldrel-macos-x86_64