Last updated on 2025-10-22 09:50:36 CEST.
Flavor | Version | Tinstall | Tcheck | Ttotal | Status | Flags |
---|---|---|---|---|---|---|
r-devel-linux-x86_64-debian-clang | 0.2.2 | 4.00 | 82.40 | 86.40 | NOTE | |
r-devel-linux-x86_64-debian-gcc | 0.2.2 | 2.87 | 57.06 | 59.93 | NOTE | |
r-devel-linux-x86_64-fedora-clang | 0.2.2 | 12.00 | 125.12 | 137.12 | OK | |
r-devel-linux-x86_64-fedora-gcc | 0.2.2 | 138.23 | OK | |||
r-devel-windows-x86_64 | 0.2.2 | 7.00 | 86.00 | 93.00 | OK | |
r-patched-linux-x86_64 | 0.2.2 | 3.47 | 77.75 | 81.22 | OK | |
r-release-linux-x86_64 | 0.2.2 | 3.02 | 76.52 | 79.54 | OK | |
r-release-macos-arm64 | 0.2.2 | 2.00 | 49.00 | 51.00 | OK | |
r-release-macos-x86_64 | 0.2.2 | 3.00 | 83.00 | 86.00 | OK | |
r-release-windows-x86_64 | 0.2.2 | 8.00 | 88.00 | 96.00 | OK | |
r-oldrel-macos-arm64 | 0.2.2 | 2.00 | 40.00 | 42.00 | OK | |
r-oldrel-macos-x86_64 | 0.2.2 | 3.00 | 63.00 | 66.00 | OK | |
r-oldrel-windows-x86_64 | 0.2.2 | 7.00 | 116.00 | 123.00 | OK |
Version: 0.2.2
Check: HTML version of manual
Result: NOTE
Found the following HTML validation problems:
op-definition.html:45:1 (op-definition.Rd:9): Warning: missing </ul> before </div>
Flavors: r-devel-linux-x86_64-debian-clang, r-devel-linux-x86_64-debian-gcc