Last updated on 2025-10-31 09:50:19 CET.
| Flavor | Version | Tinstall | Tcheck | Ttotal | Status | Flags | 
|---|---|---|---|---|---|---|
| r-devel-linux-x86_64-debian-clang | 1.1.0 | 2.98 | 129.77 | 132.75 | NOTE | |
| r-devel-linux-x86_64-debian-gcc | 1.1.0 | 2.37 | 93.06 | 95.43 | NOTE | |
| r-devel-linux-x86_64-fedora-clang | 1.1.0 | 196.36 | NOTE | |||
| r-devel-linux-x86_64-fedora-gcc | 1.1.0 | 198.01 | NOTE | |||
| r-devel-windows-x86_64 | 1.1.0 | 5.00 | 117.00 | 122.00 | NOTE | |
| r-patched-linux-x86_64 | 1.1.0 | 3.26 | 124.41 | 127.67 | NOTE | |
| r-release-linux-x86_64 | 1.1.0 | 3.07 | 125.89 | 128.96 | NOTE | |
| r-release-macos-arm64 | 1.1.0 | 2.00 | 51.00 | 53.00 | NOTE | |
| r-release-macos-x86_64 | 1.1.0 | 3.00 | 97.00 | 100.00 | NOTE | |
| r-release-windows-x86_64 | 1.1.0 | 7.00 | 117.00 | 124.00 | NOTE | |
| r-oldrel-macos-arm64 | 1.1.0 | 2.00 | 49.00 | 51.00 | OK | |
| r-oldrel-macos-x86_64 | 1.1.0 | 2.00 | 76.00 | 78.00 | OK | |
| r-oldrel-windows-x86_64 | 1.1.0 | 7.00 | 157.00 | 164.00 | OK | 
Version: 1.1.0
Check: DESCRIPTION meta-information
Result: NOTE
    Missing dependency on R >= 4.1.0 because package code uses the pipe
    |> or function shorthand \(...) syntax added in R 4.1.0.
    File(s) using such syntax:
      ‘apply_threshold.R’ ‘compute_chromosomes_length.R’
      ‘create_hidecan_plot.R’ ‘gwaspoly_helper_functions.R’
      ‘input_data_constructors.R’
Flavors: r-devel-linux-x86_64-debian-clang, r-devel-linux-x86_64-debian-gcc, r-devel-linux-x86_64-fedora-clang, r-devel-linux-x86_64-fedora-gcc, r-devel-windows-x86_64, r-patched-linux-x86_64, r-release-linux-x86_64, r-release-macos-arm64, r-release-macos-x86_64, r-release-windows-x86_64