CRAN Package Check Results for Package gsarima

Last updated on 2025-11-15 11:50:46 CET.

Flavor Version Tinstall Tcheck Ttotal Status Flags
r-devel-linux-x86_64-debian-clang 0.1-5 2.61 23.96 26.57 NOTE
r-devel-linux-x86_64-debian-gcc 0.1-5 1.78 19.09 20.87 NOTE
r-devel-linux-x86_64-fedora-clang 0.1-5 42.86 OK
r-devel-linux-x86_64-fedora-gcc 0.1-5 38.70 OK
r-devel-windows-x86_64 0.1-5 4.00 40.00 44.00 OK
r-patched-linux-x86_64 0.1-5 2.61 22.77 25.38 OK
r-release-linux-x86_64 0.1-5 2.44 22.90 25.34 OK
r-release-macos-arm64 0.1-5 1.00 15.00 16.00 OK
r-release-macos-x86_64 0.1-5 2.00 24.00 26.00 OK
r-release-windows-x86_64 0.1-5 4.00 41.00 45.00 OK
r-oldrel-macos-arm64 0.1-5 1.00 13.00 14.00 OK
r-oldrel-macos-x86_64 0.1-5 2.00 20.00 22.00 OK
r-oldrel-windows-x86_64 0.1-5 4.00 46.00 50.00 OK

Check Details

Version: 0.1-5
Check: CRAN incoming feasibility
Result: NOTE Maintainer: ‘Olivier Briet <o.briet@gmail.com>’ No Authors@R field in DESCRIPTION. Please add one, modifying Authors@R: person(given = "Olivier", family = "Briet", role = c("aut", "cre"), email = "o.briet@gmail.com") as necessary. Flavors: r-devel-linux-x86_64-debian-clang, r-devel-linux-x86_64-debian-gcc