Last updated on 2025-10-24 09:50:05 CEST.
| Flavor | Version | Tinstall | Tcheck | Ttotal | Status | Flags |
|---|---|---|---|---|---|---|
| r-devel-linux-x86_64-debian-clang | 1.0 | 2.19 | 26.69 | 28.88 | NOTE | |
| r-devel-linux-x86_64-debian-gcc | 1.0 | 1.74 | 21.38 | 23.12 | NOTE | |
| r-devel-linux-x86_64-fedora-clang | 1.0 | 45.62 | OK | |||
| r-devel-linux-x86_64-fedora-gcc | 1.0 | 57.13 | OK | |||
| r-devel-windows-x86_64 | 1.0 | 3.00 | 45.00 | 48.00 | OK | |
| r-patched-linux-x86_64 | 1.0 | 2.07 | 25.49 | 27.56 | OK | |
| r-release-linux-x86_64 | 1.0 | 2.25 | 25.54 | 27.79 | OK | |
| r-release-macos-arm64 | 1.0 | 1.00 | 25.00 | 26.00 | OK | |
| r-release-macos-x86_64 | 1.0 | 2.00 | 40.00 | 42.00 | OK | |
| r-release-windows-x86_64 | 1.0 | 3.00 | 47.00 | 50.00 | OK | |
| r-oldrel-macos-arm64 | 1.0 | 1.00 | 22.00 | 23.00 | OK | |
| r-oldrel-macos-x86_64 | 1.0 | 2.00 | 33.00 | 35.00 | OK | |
| r-oldrel-windows-x86_64 | 1.0 | 3.00 | 54.00 | 57.00 | OK |
Version: 1.0
Check: CRAN incoming feasibility
Result: NOTE
Maintainer: ‘Lu Mao <lmao@biostat.wisc.edu>’
No Authors@R field in DESCRIPTION.
Please add one, modifying
Authors@R: person(given = "Lu",
family = "Mao",
role = c("aut", "cre"),
email = "lmao@biostat.wisc.edu")
as necessary.
Flavors: r-devel-linux-x86_64-debian-clang, r-devel-linux-x86_64-debian-gcc