Last updated on 2025-10-22 09:50:35 CEST.
Flavor | Version | Tinstall | Tcheck | Ttotal | Status | Flags |
---|---|---|---|---|---|---|
r-devel-linux-x86_64-debian-clang | 0.2 | 353.69 | 120.52 | 474.21 | OK | |
r-devel-linux-x86_64-debian-gcc | 0.2 | 318.91 | 115.45 | 434.36 | OK | |
r-devel-linux-x86_64-fedora-clang | 0.2 | 1020.00 | -245.73 | 774.27 | OK | |
r-devel-linux-x86_64-fedora-gcc | 0.2 | 1020.00 | -23.30 | 996.70 | OK | |
r-devel-windows-x86_64 | 0.2 | 435.00 | 159.00 | 594.00 | OK | |
r-patched-linux-x86_64 | 0.2 | 449.36 | 155.56 | 604.92 | OK | |
r-release-linux-x86_64 | 0.2 | 447.17 | 155.86 | 603.03 | OK | |
r-release-macos-arm64 | 0.2 | 146.00 | 41.00 | 187.00 | OK | |
r-release-macos-x86_64 | 0.2 | 127.00 | 73.00 | 200.00 | OK | |
r-release-windows-x86_64 | 0.2 | 434.00 | 159.00 | 593.00 | OK | |
r-oldrel-macos-arm64 | 0.2 | 76.00 | 28.00 | 104.00 | NOTE | |
r-oldrel-macos-x86_64 | 0.2 | 58.00 | 46.00 | 104.00 | NOTE | |
r-oldrel-windows-x86_64 | 0.2 | 487.00 | 217.00 | 704.00 | NOTE |
Version: 0.2
Check: installed package size
Result: NOTE
installed size is 59.8Mb
sub-directories of 1Mb or more:
libs 59.6Mb
Flavors: r-oldrel-macos-arm64, r-oldrel-macos-x86_64
Version: 0.2
Check: for GNU extensions in Makefiles
Result: NOTE
GNU make is a SystemRequirements.
Flavors: r-oldrel-macos-arm64, r-oldrel-macos-x86_64, r-oldrel-windows-x86_64