Last updated on 2025-10-22 09:50:35 CEST.
Flavor | Version | Tinstall | Tcheck | Ttotal | Status | Flags |
---|---|---|---|---|---|---|
r-devel-linux-x86_64-debian-clang | 0.7.0 | 4.38 | 46.16 | 50.54 | NOTE | |
r-devel-linux-x86_64-debian-gcc | 0.7.0 | 3.41 | 34.93 | 38.34 | NOTE | |
r-devel-linux-x86_64-fedora-clang | 0.7.0 | 15.00 | 65.25 | 80.25 | OK | |
r-devel-linux-x86_64-fedora-gcc | 0.7.0 | 11.00 | 78.53 | 89.53 | OK | |
r-devel-windows-x86_64 | 0.7.0 | 7.00 | 67.00 | 74.00 | OK | |
r-patched-linux-x86_64 | 0.7.0 | 5.80 | 43.40 | 49.20 | OK | |
r-release-linux-x86_64 | 0.7.0 | 4.78 | 44.07 | 48.85 | OK | |
r-release-macos-arm64 | 0.7.0 | 2.00 | 39.00 | 41.00 | OK | |
r-release-macos-x86_64 | 0.7.0 | 5.00 | 60.00 | 65.00 | OK | |
r-release-windows-x86_64 | 0.7.0 | 6.00 | 69.00 | 75.00 | OK | |
r-oldrel-macos-arm64 | 0.7.0 | 2.00 | 29.00 | 31.00 | OK | |
r-oldrel-macos-x86_64 | 0.7.0 | 3.00 | 47.00 | 50.00 | OK | |
r-oldrel-windows-x86_64 | 0.7.0 | 9.00 | 82.00 | 91.00 | OK |
Version: 0.7.0
Check: CRAN incoming feasibility
Result: NOTE
Maintainer: ‘Mark Edmondson <r@sunholo.com>’
Package CITATION file contains call(s) to old-style personList() or
as.personList(). Please use c() on person objects instead.
Package CITATION file contains call(s) to old-style citEntry(). Please
use bibentry() instead.
Flavors: r-devel-linux-x86_64-debian-clang, r-devel-linux-x86_64-debian-gcc