CRAN Package Check Results for Package googleAuthR

Last updated on 2025-11-16 09:49:28 CET.

Flavor Version Tinstall Tcheck Ttotal Status Flags
r-devel-linux-x86_64-debian-clang 2.0.2 4.90 55.42 60.32 NOTE
r-devel-linux-x86_64-debian-gcc 2.0.2 3.28 42.92 46.20 NOTE
r-devel-linux-x86_64-fedora-clang 2.0.2 12.00 81.58 93.58 OK
r-devel-linux-x86_64-fedora-gcc 2.0.2 11.00 92.84 103.84 OK
r-devel-windows-x86_64 2.0.2 10.00 75.00 85.00 NOTE
r-patched-linux-x86_64 2.0.2 5.80 51.69 57.49 NOTE
r-release-linux-x86_64 2.0.2 4.82 51.08 55.90 NOTE
r-release-macos-arm64 2.0.2 3.00 43.00 46.00 OK
r-release-macos-x86_64 2.0.2 7.00 68.00 75.00 OK
r-release-windows-x86_64 2.0.2 8.00 76.00 84.00 NOTE
r-oldrel-macos-arm64 2.0.2 2.00 38.00 40.00 OK
r-oldrel-macos-x86_64 2.0.2 4.00 51.00 55.00 OK
r-oldrel-windows-x86_64 2.0.2 10.00 89.00 99.00 OK

Check Details

Version: 2.0.2
Check: Rd cross-references
Result: NOTE Found the following Rd file(s) with Rd \link{} targets missing package anchors: gar_auth.Rd: Token-class gar_auto_auth.Rd: Token-class Please provide package anchors for all Rd \link{} targets not in the package itself and the base packages. Flavors: r-devel-linux-x86_64-debian-clang, r-devel-linux-x86_64-debian-gcc, r-devel-windows-x86_64, r-patched-linux-x86_64, r-release-linux-x86_64, r-release-windows-x86_64