Last updated on 2025-11-15 11:50:46 CET.
| Flavor | Version | Tinstall | Tcheck | Ttotal | Status | Flags |
|---|---|---|---|---|---|---|
| r-devel-linux-x86_64-debian-clang | 1.0 | 13.69 | 111.69 | 125.38 | NOTE | |
| r-devel-linux-x86_64-debian-gcc | 1.0 | 9.80 | 82.58 | 92.38 | NOTE | |
| r-devel-linux-x86_64-fedora-clang | 1.0 | 42.00 | 159.33 | 201.33 | OK | |
| r-devel-linux-x86_64-fedora-gcc | 1.0 | 73.00 | 126.29 | 199.29 | OK | |
| r-devel-windows-x86_64 | 1.0 | 16.00 | 106.00 | 122.00 | NOTE | |
| r-patched-linux-x86_64 | 1.0 | 14.78 | 107.88 | 122.66 | OK | |
| r-release-linux-x86_64 | 1.0 | 14.25 | 107.30 | 121.55 | OK | |
| r-release-macos-arm64 | 1.0 | 6.00 | 40.00 | 46.00 | OK | |
| r-release-macos-x86_64 | 1.0 | 12.00 | 77.00 | 89.00 | OK | |
| r-release-windows-x86_64 | 1.0 | 15.00 | 106.00 | 121.00 | OK | |
| r-oldrel-macos-arm64 | 1.0 | 7.00 | 50.00 | 57.00 | OK | |
| r-oldrel-macos-x86_64 | 1.0 | 17.00 | 98.00 | 115.00 | OK | |
| r-oldrel-windows-x86_64 | 1.0 | 21.00 | 138.00 | 159.00 | OK |
Version: 1.0
Check: Rd files
Result: NOTE
checkRd: (-1) gomp-package.Rd:11-17: Only 3 columns allowed in this table (row 1 has 2)
checkRd: (-1) gomp-package.Rd:11-17: Only 3 columns allowed in this table (row 2 has 2)
checkRd: (-1) gomp-package.Rd:11-17: Only 3 columns allowed in this table (row 3 has 2)
checkRd: (-1) gomp-package.Rd:11-17: Only 3 columns allowed in this table (row 4 has 2)
checkRd: (-1) gomp-package.Rd:11-17: Only 3 columns allowed in this table (row 5 has 2)
Flavors: r-devel-linux-x86_64-debian-clang, r-devel-linux-x86_64-debian-gcc, r-devel-windows-x86_64