Last updated on 2025-10-22 09:50:35 CEST.
Flavor | Version | Tinstall | Tcheck | Ttotal | Status | Flags |
---|---|---|---|---|---|---|
r-devel-linux-x86_64-debian-clang | 2.0.0 | 5.42 | 56.59 | 62.01 | NOTE | |
r-devel-linux-x86_64-debian-gcc | 2.0.0 | 3.80 | 42.81 | 46.61 | NOTE | |
r-devel-linux-x86_64-fedora-clang | 2.0.0 | 14.00 | 78.42 | 92.42 | OK | |
r-devel-linux-x86_64-fedora-gcc | 2.0.0 | 13.00 | 86.51 | 99.51 | OK | |
r-devel-windows-x86_64 | 2.0.0 | 15.00 | 78.00 | 93.00 | OK | |
r-patched-linux-x86_64 | 2.0.0 | 5.56 | 51.30 | 56.86 | OK | |
r-release-linux-x86_64 | 2.0.0 | 4.79 | 51.49 | 56.28 | OK | |
r-release-macos-arm64 | 2.0.0 | 6.00 | 56.00 | 62.00 | OK | |
r-release-macos-x86_64 | 2.0.0 | 7.00 | 77.00 | 84.00 | OK | |
r-release-windows-x86_64 | 2.0.0 | 19.00 | 80.00 | 99.00 | OK | |
r-oldrel-macos-arm64 | 2.0.0 | 4.00 | 33.00 | 37.00 | OK | |
r-oldrel-macos-x86_64 | 2.0.0 | 6.00 | 50.00 | 56.00 | OK | |
r-oldrel-windows-x86_64 | 2.0.0 | 21.00 | 95.00 | 116.00 | OK |
Version: 2.0.0
Check: HTML version of manual
Result: NOTE
Found the following HTML validation problems:
accessors.html:60:1 (accessors.Rd:27): Warning: missing </ul> before </div>
as.character.mime.html:55:1 (as.character.mime.Rd:14): Warning: missing </ul> before </div>
Flavors: r-devel-linux-x86_64-debian-clang, r-devel-linux-x86_64-debian-gcc