Last updated on 2025-10-22 09:50:35 CEST.
Flavor | Version | Tinstall | Tcheck | Ttotal | Status | Flags |
---|---|---|---|---|---|---|
r-devel-linux-x86_64-debian-clang | 2.0.2 | 15.74 | 72.03 | 87.77 | NOTE | |
r-devel-linux-x86_64-debian-gcc | 2.0.2 | 10.00 | 51.79 | 61.79 | NOTE | |
r-devel-linux-x86_64-fedora-clang | 2.0.2 | 67.00 | 84.11 | 151.11 | OK | |
r-devel-linux-x86_64-fedora-gcc | 2.0.2 | 29.00 | 106.51 | 135.51 | OK | |
r-devel-windows-x86_64 | 2.0.2 | 22.00 | 88.00 | 110.00 | OK | |
r-patched-linux-x86_64 | 2.0.2 | 13.51 | 68.00 | 81.51 | OK | |
r-release-linux-x86_64 | 2.0.2 | 13.85 | 67.56 | 81.41 | OK | |
r-release-macos-arm64 | 2.0.2 | 12.00 | 55.00 | 67.00 | OK | |
r-release-macos-x86_64 | 2.0.2 | 10.00 | 60.00 | 70.00 | OK | |
r-release-windows-x86_64 | 2.0.2 | 23.00 | 88.00 | 111.00 | OK | |
r-oldrel-macos-arm64 | 2.0.2 | 7.00 | 36.00 | 43.00 | OK | |
r-oldrel-macos-x86_64 | 2.0.2 | 8.00 | 57.00 | 65.00 | OK | |
r-oldrel-windows-x86_64 | 2.0.2 | 27.00 | 108.00 | 135.00 | OK |
Version: 2.0.2
Check: HTML version of manual
Result: NOTE
Found the following HTML validation problems:
setup_lambda.html:68:1 (setup_lambda.Rd:24): Warning: missing </ul> before </div>
Flavors: r-devel-linux-x86_64-debian-clang, r-devel-linux-x86_64-debian-gcc