Last updated on 2025-10-31 09:50:18 CET.
| Flavor | Version | Tinstall | Tcheck | Ttotal | Status | Flags | 
|---|---|---|---|---|---|---|
| r-devel-linux-x86_64-debian-clang | 1.0.4 | 11.29 | 26.86 | 38.15 | OK | |
| r-devel-linux-x86_64-debian-gcc | 1.0.4 | 11.27 | 21.09 | 32.36 | OK | |
| r-devel-linux-x86_64-fedora-clang | 1.0.4 | 28.00 | 33.41 | 61.41 | OK | |
| r-devel-linux-x86_64-fedora-gcc | 1.0.4 | 37.00 | 24.63 | 61.63 | OK | |
| r-devel-windows-x86_64 | 1.0.4 | 15.00 | 61.00 | 76.00 | OK | |
| r-patched-linux-x86_64 | 1.0.4 | 14.19 | 25.62 | 39.81 | OK | |
| r-release-linux-x86_64 | 1.0.4 | 12.79 | 25.25 | 38.04 | OK | |
| r-release-macos-arm64 | 1.0.4 | 6.00 | 18.00 | 24.00 | OK | |
| r-release-macos-x86_64 | 1.0.4 | 14.00 | 32.00 | 46.00 | OK | |
| r-release-windows-x86_64 | 1.0.4 | 17.00 | 63.00 | 80.00 | OK | |
| r-oldrel-macos-arm64 | 1.0.4 | 6.00 | 17.00 | 23.00 | NOTE | |
| r-oldrel-macos-x86_64 | 1.0.4 | 7.00 | 24.00 | 31.00 | NOTE | |
| r-oldrel-windows-x86_64 | 1.0.4 | 15.00 | 77.00 | 92.00 | NOTE | 
Version: 1.0.4
Check: LazyData
Result: NOTE
    'LazyData' is specified without a 'data' directory
Flavors: r-oldrel-macos-arm64, r-oldrel-macos-x86_64, r-oldrel-windows-x86_64