Last updated on 2025-10-22 09:50:34 CEST.
Flavor | Version | Tinstall | Tcheck | Ttotal | Status | Flags |
---|---|---|---|---|---|---|
r-devel-linux-x86_64-debian-clang | 0.1.4 | 5.01 | 238.40 | 243.41 | NOTE | |
r-devel-linux-x86_64-debian-gcc | 0.1.4 | 3.79 | 173.34 | 177.13 | NOTE | |
r-devel-linux-x86_64-fedora-clang | 0.1.4 | 14.00 | 303.93 | 317.93 | OK | |
r-devel-linux-x86_64-fedora-gcc | 0.1.4 | 10.00 | 307.24 | 317.24 | OK | |
r-devel-windows-x86_64 | 0.1.4 | 8.00 | 530.00 | 538.00 | OK | |
r-patched-linux-x86_64 | 0.1.4 | 5.36 | 230.03 | 235.39 | OK | |
r-release-linux-x86_64 | 0.1.4 | 5.45 | 230.85 | 236.30 | OK | |
r-release-macos-arm64 | 0.1.4 | 3.00 | 136.00 | 139.00 | OK | |
r-release-macos-x86_64 | 0.1.4 | 6.00 | 282.00 | 288.00 | OK | |
r-release-windows-x86_64 | 0.1.4 | 8.00 | 524.00 | 532.00 | OK | |
r-oldrel-macos-arm64 | 0.1.4 | 3.00 | 135.00 | 138.00 | OK | |
r-oldrel-macos-x86_64 | 0.1.4 | 6.00 | 279.00 | 285.00 | OK | |
r-oldrel-windows-x86_64 | 0.1.4 | 12.00 | 525.00 | 537.00 | OK |
Version: 0.1.4
Check: HTML version of manual
Result: NOTE
Found the following HTML validation problems:
discretize.html:58:1 (discretize.Rd:17): Warning: missing </ul> before </div>
Flavors: r-devel-linux-x86_64-debian-clang, r-devel-linux-x86_64-debian-gcc