Last updated on 2025-10-22 09:50:34 CEST.
Flavor | Version | Tinstall | Tcheck | Ttotal | Status | Flags |
---|---|---|---|---|---|---|
r-devel-linux-x86_64-debian-clang | 0.9.1 | 116.30 | 212.08 | 328.38 | NOTE | |
r-devel-linux-x86_64-debian-gcc | 0.9.1 | 64.86 | 145.89 | 210.75 | NOTE | |
r-devel-linux-x86_64-fedora-clang | 0.9.1 | 352.00 | 215.64 | 567.64 | OK | |
r-devel-linux-x86_64-fedora-gcc | 0.9.1 | 246.00 | 241.36 | 487.36 | OK | |
r-devel-windows-x86_64 | 0.9.1 | 130.00 | 215.00 | 345.00 | OK | |
r-patched-linux-x86_64 | 0.9.1 | 102.87 | 196.83 | 299.70 | OK | |
r-release-linux-x86_64 | 0.9.1 | 104.53 | 196.66 | 301.19 | OK | |
r-release-macos-arm64 | 0.9.1 | 38.00 | 84.00 | 122.00 | OK | |
r-release-macos-x86_64 | 0.9.1 | 48.00 | 170.00 | 218.00 | OK | |
r-release-windows-x86_64 | 0.9.1 | 131.00 | 214.00 | 345.00 | OK | |
r-oldrel-macos-arm64 | 0.9.1 | 35.00 | 86.00 | 121.00 | NOTE | |
r-oldrel-macos-x86_64 | 0.9.1 | 41.00 | 166.00 | 207.00 | NOTE | |
r-oldrel-windows-x86_64 | 0.9.1 | 157.00 | 295.00 | 452.00 | NOTE |
Version: 0.9.1
Check: HTML version of manual
Result: NOTE
Found the following HTML validation problems:
ggb.html:451:1 (ggb.Rd:272): Warning: missing </ul> before </div>
ggb.html:180:1 (ggb.Rd:112): Warning: <h5> anchor "Usage" already defined
ggb.html:186:1 (ggb.Rd:116): Warning: <h5> anchor "Arguments" already defined
ggb.html:210:1 (ggb.Rd:130): Warning: <h5> anchor "Usage" already defined
ggb.html:216:1 (ggb.Rd:134): Warning: <h5> anchor "Arguments" already defined
ggb.html:239:1 (ggb.Rd:147): Warning: <h5> anchor "Usage" already defined
ggb.html:245:1 (ggb.Rd:151): Warning: <h5> anchor "Arguments" already defined
ggb.html:268:1 (ggb.Rd:164): Warning: <h5> anchor "Usage" already defined
ggb.html:274:1 (ggb.Rd:168): Warning: <h5> anchor "Arguments" already defined
ggb.html:300:1 (ggb.Rd:184): Warning: <h5> anchor "Usage" already defined
ggb.html:306:1 (ggb.Rd:188): Warning: <h5> anchor "Arguments" already defined
ggb.html:329:1 (ggb.Rd:201): Warning: <h5> anchor "Usage" already defined
ggb.html:335:1 (ggb.Rd:205): Warning: <h5> anchor "Arguments" already defined
ggb.html:361:1 (ggb.Rd:221): Warning: <h5> anchor "Usage" already defined
ggb.html:367:1 (ggb.Rd:225): Warning: <h5> anchor "Arguments" already defined
ggb.html:391:1 (ggb.Rd:239): Warning: <h5> anchor "Usage" already defined
ggb.html:397:1 (ggb.Rd:243): Warning: <h5> anchor "Arguments" already defined
ggb.html:428:1 (ggb.Rd:261): Warning: <h5> anchor "Usage" already defined
ggb.html:434:1 (ggb.Rd:265): Warning: <h5> anchor "Arguments" already defined
ggbrain_images.html:828:1 (ggbrain_images.Rd:491): Warning: missing </ul> before </div>
ggbrain_images.html:185:1 (ggbrain_images.Rd:89): Warning: <h5> anchor "Usage" already defined
ggbrain_images.html:191:1 (ggbrain_images.Rd:93): Warning: <h5> anchor "Arguments" already defined
ggbrain_images.html:214:1 (ggbrain_images.Rd:106): Warning: <h5> anchor "Usage" already defined
ggbrain_images.html:220:1 (ggbrain_images.Rd:110): Warning: <h5> anchor "Arguments" already defined
ggbrain_images.html:253:1 (ggbrain_images.Rd:130): Warning: <h5> anchor "Usage" already defined
ggbrain_images.html:259:1 (ggbrain_images.Rd:134): Warning: <h5> anchor "Arguments" already defined
ggbrain_images.html:286:1 (ggbrain_images.Rd:151): Warning: <h5> anchor "Usage" already defined
ggbrain_images.html:292:1 (ggbrain_images.Rd:155): Warning: <h5> anchor "Arguments" already defined
ggbrain_images.html:305:1 (ggbrain_images.Rd:162): Warning: <h5> anchor "Details" already defined
ggbrain_images.html:324:1 (ggbrain_images.Rd:174): Warning: <h5> anchor "Usage" already defined
ggbrain_images.html:340:1 (ggbrain_images.Rd:184): Warning: <h5> anchor "Usage" already defined
ggbrain_images.html:356:1 (ggbrain_images.Rd:194): Warning: <h5> anchor "Usage" already defined
ggbrain_images.html:362:1 (ggbrain_images.Rd:198): Warning: <h5> anchor "Arguments" already defined
ggbrain_images.html:389:1 (ggbrain_images.Rd:215): Warning: <h5> anchor "Usage" already defined
ggbrain_images.html:395:1 (ggbrain_images.Rd:219): Warning: <h5> anchor "Arguments" already defined
ggbrain_images.html:422:1 (ggbrain_images.Rd:236): Warning: <h5> anchor "Usage" already defined
ggbrain_images.html:428:1 (ggbrain_images.Rd:240): Warning: <h5> anchor "Arguments" already defined
ggbrain_images.html:451:1 (ggbrain_images.Rd:253): Warning: <h5> anchor "Usage" already defined
ggbrain_images.html:457:1 (ggbrain_images.Rd:257): Warning: <h5> anchor "Arguments" already defined
ggbrain_images.html:482:1 (ggbrain_images.Rd:272): Warning: <h5> anchor "Usage" already defined
ggbrain_images.html:488:1 (ggbrain_images.Rd:276): Warning: <h5> anchor "Arguments" already defined
ggbrain_images.html:514:1 (ggbrain_images.Rd:292): Warning: <h5> anchor "Usage" already defined
ggbrain_images.html:530:1 (ggbrain_images.Rd:302): Warning: <h5> anchor "Usage" already defined
ggbrain_images.html:536:1 (ggbrain_images.Rd:306): Warning: <h5> anchor "Arguments" already defined
ggbrain_images.html:549:1 (ggbrain_images.Rd:313): Warning: <h5> anchor "Details" already defined
ggbrain_images.html:567:1 (ggbrain_images.Rd:324): Warning: <h5> anchor "Usage" already defined
ggbrain_images.html:573:1 (ggbrain_images.Rd:328): Warning: <h5> anchor "Arguments" already defined
ggbrain_images.html:598:1 (ggbrain_images.Rd:343): Warning: <h5> anchor "Usage" already defined
ggbrain_images.html:604:1 (ggbrain_images.Rd:347): Warning: <h5> anchor "Arguments" already defined
ggbrain_images.html:628:1 (ggbrain_images.Rd:361): Warning: <h5> anchor "Usage" already defined
ggbrain_images.html:644:1 (ggbrain_images.Rd:371): Warning: <h5> anchor "Usage" already defined
ggbrain_images.html:657:1 (ggbrain_images.Rd:382): Warning: <h5> anchor "Arguments" already defined
ggbrain_images.html:681:1 (ggbrain_images.Rd:400): Warning: <h5> anchor "Details" already defined
ggbrain_images.html:702:1 (ggbrain_images.Rd:414): Warning: <h5> anchor "Usage" already defined
ggbrain_images.html:713:1 (ggbrain_images.Rd:423): Warning: <h5> anchor "Arguments" already defined
ggbrain_images.html:749:1 (ggbrain_images.Rd:445): Warning: <h5> anchor "Usage" already defined
ggbrain_images.html:755:1 (ggbrain_images.Rd:449): Warning: <h5> anchor "Details" already defined
ggbrain_images.html:773:1 (ggbrain_images.Rd:460): Warning: <h5> anchor "Usage" already defined
ggbrain_images.html:779:1 (ggbrain_images.Rd:464): Warning: <h5> anchor "Arguments" already defined
ggbrain_images.html:805:1 (ggbrain_images.Rd:480): Warning: <h5> anchor "Usage" already defined
ggbrain_images.html:811:1 (ggbrain_images.Rd:484): Warning: <h5> anchor "Arguments" already defined
ggbrain_label.html:195:1 (ggbrain_label.Rd:111): Warning: missing </ul> before </div>
ggbrain_label.html:143:1 (ggbrain_label.Rd:83): Warning: <h5> anchor "Usage" already defined
ggbrain_label.html:149:1 (ggbrain_label.Rd:87): Warning: <h5> anchor "Arguments" already defined
ggbrain_label.html:172:1 (ggbrain_label.Rd:100): Warning: <h5> anchor "Usage" already defined
ggbrain_label.html:178:1 (ggbrain_label.Rd:104): Warning: <h5> anchor "Arguments" already defined
ggbrain_layer.html:503:1 (ggbrain_layer.Rd:307): Warning: missing </ul> before </div>
ggbrain_layer.html:215:1 (ggbrain_layer.Rd:139): Warning: <h5> anchor "Usage" already defined
ggbrain_layer.html:221:1 (ggbrain_layer.Rd:143): Warning: <h5> anchor "Arguments" already defined
ggbrain_layer.html:244:1 (ggbrain_layer.Rd:156): Warning: <h5> anchor "Usage" already defined
ggbrain_layer.html:250:1 (ggbrain_layer.Rd:160): Warning: <h5> anchor "Arguments" already defined
ggbrain_layer.html:273:1 (ggbrain_layer.Rd:173): Warning: <h5> anchor "Usage" already defined
ggbrain_layer.html:279:1 (ggbrain_layer.Rd:177): Warning: <h5> anchor "Arguments" already defined
ggbrain_layer.html:302:1 (ggbrain_layer.Rd:190): Warning: <h5> anchor "Usage" already defined
ggbrain_layer.html:308:1 (ggbrain_layer.Rd:194): Warning: <h5> anchor "Arguments" already defined
ggbrain_layer.html:331:1 (ggbrain_layer.Rd:207): Warning: <h5> anchor "Usage" already defined
ggbrain_layer.html:337:1 (ggbrain_layer.Rd:211): Warning: <h5> anchor "Arguments" already defined
ggbrain_layer.html:360:1 (ggbrain_layer.Rd:224): Warning: <h5> anchor "Usage" already defined
ggbrain_layer.html:366:1 (ggbrain_layer.Rd:228): Warning: <h5> anchor "Arguments" already defined
ggbrain_layer.html:389:1 (ggbrain_layer.Rd:241): Warning: <h5> anchor "Usage" already defined
ggbrain_layer.html:405:1 (ggbrain_layer.Rd:251): Warning: <h5> anchor "Usage" already defined
ggbrain_layer.html:411:1 (ggbrain_layer.Rd:255): Warning: <h5> anchor "Arguments" already defined
ggbrain_layer.html:434:1 (ggbrain_layer.Rd:268): Warning: <h5> anchor "Usage" already defined
ggbrain_layer.html:440:1 (ggbrain_layer.Rd:272): Warning: <h5> anchor "Arguments" already defined
ggbrain_layer.html:464:1 (ggbrain_layer.Rd:286): Warning: <h5> anchor "Usage" already defined
ggbrain_layer.html:480:1 (ggbrain_layer.Rd:296): Warning: <h5> anchor "Usage" already defined
ggbrain_layer.html:486:1 (ggbrain_layer.Rd:300): Warning: <h5> anchor "Arguments" already defined
ggbrain_layer_brain.html:222:1 (ggbrain_layer_brain.Rd:148): Warning: missing </ul> before </div>
ggbrain_layer_brain.html:199:1 (ggbrain_layer_brain.Rd:137): Warning: <h5> anchor "Usage" already defined
ggbrain_layer_brain.html:205:1 (ggbrain_layer_brain.Rd:141): Warning: <h5> anchor "Arguments" already defined
ggbrain_layer_outline.html:233:1 (ggbrain_layer_outline.Rd:160): Warning: missing </ul> before </div>
ggbrain_layer_outline.html:210:1 (ggbrain_layer_outline.Rd:149): Warning: <h5> anchor "Usage" already defined
ggbrain_layer_outline.html:216:1 (ggbrain_layer_outline.Rd:153): Warning: <h5> anchor "Arguments" already defined
ggbrain_panel.html:428:1 (ggbrain_panel.Rd:249): Warning: missing </ul> before </div>
ggbrain_panel.html:172:1 (ggbrain_panel.Rd:98): Warning: <h5> anchor "Usage" already defined
ggbrain_panel.html:178:1 (ggbrain_panel.Rd:102): Warning: <h5> anchor "Arguments" already defined
ggbrain_panel.html:201:1 (ggbrain_panel.Rd:115): Warning: <h5> anchor "Usage" already defined
ggbrain_panel.html:207:1 (ggbrain_panel.Rd:119): Warning: <h5> anchor "Arguments" already defined
ggbrain_panel.html:230:1 (ggbrain_panel.Rd:132): Warning: <h5> anchor "Usage" already defined
ggbrain_panel.html:236:1 (ggbrain_panel.Rd:136): Warning: <h5> anchor "Arguments" already defined
ggbrain_panel.html:269:1 (ggbrain_panel.Rd:156): Warning: <h5> anchor "Usage" already defined
ggbrain_panel.html:275:1 (ggbrain_panel.Rd:160): Warning: <h5> anchor "Arguments" already defined
ggbrain_panel.html:298:1 (ggbrain_panel.Rd:173): Warning: <h5> anchor "Usage" already defined
ggbrain_panel.html:304:1 (ggbrain_panel.Rd:177): Warning: <h5> anchor "Arguments" already defined
ggbrain_panel.html:327:1 (ggbrain_panel.Rd:190): Warning: <h5> anchor "Usage" already defined
ggbrain_panel.html:343:1 (ggbrain_panel.Rd:200): Warning: <h5> anchor "Usage" already defined
ggbrain_panel.html:359:1 (ggbrain_panel.Rd:210): Warning: <h5> anchor "Usage" already defined
ggbrain_panel.html:375:1 (ggbrain_panel.Rd:220): Warning: <h5> anchor "Usage" already defined
ggbrain_panel.html:381:1 (ggbrain_panel.Rd:224): Warning: <h5> anchor "Arguments" already defined
ggbrain_panel.html:405:1 (ggbrain_panel.Rd:238): Warning: <h5> anchor "Usage" already defined
ggbrain_panel.html:411:1 (ggbrain_panel.Rd:242): Warning: <h5> anchor "Arguments" already defined
ggbrain_plot.html:301:1 (ggbrain_plot.Rd:180): Warning: missing </ul> before </div>
ggbrain_plot.html:154:1 (ggbrain_plot.Rd:90): Warning: <h5> anchor "Usage" already defined
ggbrain_plot.html:160:1 (ggbrain_plot.Rd:94): Warning: <h5> anchor "Arguments" already defined
ggbrain_plot.html:183:1 (ggbrain_plot.Rd:107): Warning: <h5> anchor "Usage" already defined
ggbrain_plot.html:199:1 (ggbrain_plot.Rd:117): Warning: <h5> anchor "Usage" already defined
ggbrain_plot.html:205:1 (ggbrain_plot.Rd:121): Warning: <h5> anchor "Arguments" already defined
ggbrain_plot.html:246:1 (ggbrain_plot.Rd:149): Warning: <h5> anchor "Usage" already defined
ggbrain_plot.html:252:1 (ggbrain_plot.Rd:153): Warning: <h5> anchor "Arguments" already defined
ggbrain_plot.html:278:1 (ggbrain_plot.Rd:169): Warning: <h5> anchor "Usage" already defined
ggbrain_plot.html:284:1 (ggbrain_plot.Rd:173): Warning: <h5> anchor "Arguments" already defined
ggbrain_slices.html:131:1 (ggbrain_slices.Rd:74): Warning: <h5> anchor "Usage" already defined
ggbrain_slices.html:137:1 (ggbrain_slices.Rd:78): Warning: <h5> anchor "Arguments" already defined
ggbrain_slices.html:162:1 (ggbrain_slices.Rd:93): Warning: <h5> anchor "Usage" already defined
ggbrain_slices.html:179:1 (ggbrain_slices.Rd:104): Warning: <h5> anchor "Usage" already defined
ggbrain_slices.html:185:1 (ggbrain_slices.Rd:108): Warning: <h5> anchor "Arguments" already defined
ggbrain_slices.html:216:1 (ggbrain_slices.Rd:125): Warning: <h5> anchor "Usage" already defined
ggbrain_slices.html:222:1 (ggbrain_slices.Rd:129): Warning: <h5> anchor "Arguments" already defined
ggbrain_slices.html:240:1 (ggbrain_slices.Rd:141): Warning: <h5> anchor "Details" already defined
ggbrain_slices.html:259:1 (ggbrain_slices.Rd:153): Warning: <h5> anchor "Usage" already defined
ggbrain_slices.html:265:1 (ggbrain_slices.Rd:157): Warning: <h5> anchor "Arguments" already defined
ggplot_add.ggbrain_label.html:59:1 (ggplot_add.ggbrain_label.Rd:16): Warning: missing </ul> before </div>
ggplot_add.ggbrain_layer.html:59:1 (ggplot_add.ggbrain_layer.Rd:16): Warning: missing </ul> before </div>
ggplot_add.ggbrain_panel.html:59:1 (ggplot_add.ggbrain_panel.Rd:16): Warning: missing </ul> before </div>
plot.ggbrain_panel.html:51:1 (plot.ggbrain_panel.Rd:12): Warning: missing </ul> before </div>
plot.ggbrain_plot.html:51:1 (plot.ggbrain_plot.Rd:12): Warning: missing </ul> before </div>
Flavors: r-devel-linux-x86_64-debian-clang, r-devel-linux-x86_64-debian-gcc
Version: 0.9.1
Check: installed package size
Result: NOTE
installed size is 7.6Mb
sub-directories of 1Mb or more:
doc 1.7Mb
extdata 2.2Mb
libs 3.1Mb
Flavors: r-oldrel-macos-arm64, r-oldrel-macos-x86_64, r-oldrel-windows-x86_64