CRAN Package Check Results for Package getable

Last updated on 2025-10-09 12:51:17 CEST.

Flavor Version Tinstall Tcheck Ttotal Status Flags
r-devel-linux-x86_64-debian-clang 1.0.3 1.74 25.99 27.73 OK
r-devel-linux-x86_64-debian-gcc 1.0.3 1.31 21.34 22.65 OK
r-devel-linux-x86_64-fedora-clang 1.0.3 38.59 OK
r-devel-linux-x86_64-fedora-gcc 1.0.3 51.34 OK
r-devel-windows-x86_64 1.0.3 3.00 44.00 47.00 OK
r-patched-linux-x86_64 1.0.3 1.79 23.20 24.99 OK
r-release-linux-x86_64 1.0.3 1.67 23.30 24.97 OK
r-release-macos-arm64 1.0.3 35.00 OK
r-release-macos-x86_64 1.0.3 40.00 OK
r-release-windows-x86_64 1.0.3 4.00 45.00 49.00 OK
r-oldrel-macos-arm64 1.0.3 23.00 NOTE
r-oldrel-macos-x86_64 1.0.3 32.00 NOTE
r-oldrel-windows-x86_64 1.0.3 4.00 49.00 53.00 NOTE

Check Details

Version: 1.0.3
Check: LazyData
Result: NOTE 'LazyData' is specified without a 'data' directory Flavors: r-oldrel-macos-arm64, r-oldrel-macos-x86_64, r-oldrel-windows-x86_64