Last updated on 2025-10-22 09:50:33 CEST.
Flavor | Version | Tinstall | Tcheck | Ttotal | Status | Flags |
---|---|---|---|---|---|---|
r-devel-linux-x86_64-debian-clang | 0.2.0 | 4.32 | 57.90 | 62.22 | NOTE | |
r-devel-linux-x86_64-debian-gcc | 0.2.0 | 3.00 | 40.57 | 43.57 | NOTE | |
r-devel-linux-x86_64-fedora-clang | 0.2.0 | 11.00 | 82.60 | 93.60 | OK | |
r-devel-linux-x86_64-fedora-gcc | 0.2.0 | 101.17 | OK | |||
r-devel-windows-x86_64 | 0.2.0 | 6.00 | 70.00 | 76.00 | OK | |
r-patched-linux-x86_64 | 0.2.0 | 4.29 | 52.10 | 56.39 | OK | |
r-release-linux-x86_64 | 0.2.0 | 3.94 | 52.20 | 56.14 | OK | |
r-release-macos-arm64 | 0.2.0 | 3.00 | 75.00 | 78.00 | OK | |
r-release-macos-x86_64 | 0.2.0 | 3.00 | 65.00 | 68.00 | OK | |
r-release-windows-x86_64 | 0.2.0 | 7.00 | 73.00 | 80.00 | OK | |
r-oldrel-macos-arm64 | 0.2.0 | 2.00 | 30.00 | 32.00 | OK | |
r-oldrel-macos-x86_64 | 0.2.0 | 3.00 | 50.00 | 53.00 | OK | |
r-oldrel-windows-x86_64 | 0.2.0 | 8.00 | 88.00 | 96.00 | OK |
Version: 0.2.0
Check: HTML version of manual
Result: NOTE
Found the following HTML validation problems:
after_join_all.html:70:1 (after_join_all.Rd:24): Warning: missing </ul> before </div>
distinct_events.html:58:1 (distinct_events.Rd:16): Warning: missing </ul> before </div>
Flavors: r-devel-linux-x86_64-debian-clang, r-devel-linux-x86_64-debian-gcc