Last updated on 2025-11-21 09:49:03 CET.
| Flavor | Version | Tinstall | Tcheck | Ttotal | Status | Flags |
|---|---|---|---|---|---|---|
| r-devel-linux-x86_64-debian-clang | 0.2.1 | 2.05 | 20.84 | 22.89 | OK | |
| r-devel-linux-x86_64-debian-gcc | 0.2.1 | 1.71 | 16.98 | 18.69 | OK | |
| r-devel-linux-x86_64-fedora-clang | 0.2.1 | 33.85 | OK | |||
| r-devel-linux-x86_64-fedora-gcc | 0.2.1 | 31.99 | OK | |||
| r-devel-windows-x86_64 | 0.2.1 | 5.00 | 47.00 | 52.00 | OK | |
| r-patched-linux-x86_64 | 0.2.1 | 2.03 | 19.57 | 21.60 | OK | |
| r-release-linux-x86_64 | 0.2.1 | 2.05 | 19.49 | 21.54 | OK | |
| r-release-macos-arm64 | 0.2.1 | OK | ||||
| r-release-macos-x86_64 | 0.2.1 | 2.00 | 24.00 | 26.00 | OK | |
| r-release-windows-x86_64 | 0.2.1 | 3.00 | 38.00 | 41.00 | OK | |
| r-oldrel-macos-arm64 | 0.2.1 | NOTE | ||||
| r-oldrel-macos-x86_64 | 0.2.1 | 2.00 | 19.00 | 21.00 | NOTE | |
| r-oldrel-windows-x86_64 | 0.2.1 | 6.00 | 44.00 | 50.00 | NOTE |
Version: 0.2.1
Check: LazyData
Result: NOTE
'LazyData' is specified without a 'data' directory
Flavors: r-oldrel-macos-arm64, r-oldrel-macos-x86_64, r-oldrel-windows-x86_64