Last updated on 2025-11-16 09:49:26 CET.
| Flavor | Version | Tinstall | Tcheck | Ttotal | Status | Flags |
|---|---|---|---|---|---|---|
| r-devel-linux-x86_64-debian-clang | 1.0 | 15.56 | 60.57 | 76.13 | NOTE | |
| r-devel-linux-x86_64-debian-gcc | 1.0 | 8.51 | 44.28 | 52.79 | NOTE | |
| r-devel-linux-x86_64-fedora-clang | 1.0 | 69.00 | 55.60 | 124.60 | NOTE | |
| r-devel-linux-x86_64-fedora-gcc | 1.0 | 31.00 | 76.42 | 107.42 | NOTE | |
| r-devel-windows-x86_64 | 1.0 | 18.00 | 76.00 | 94.00 | NOTE | |
| r-patched-linux-x86_64 | 1.0 | 14.84 | 57.42 | 72.26 | NOTE | |
| r-release-linux-x86_64 | 1.0 | 13.74 | 56.89 | 70.63 | NOTE | |
| r-release-macos-arm64 | 1.0 | 7.00 | 32.00 | 39.00 | NOTE | |
| r-release-macos-x86_64 | 1.0 | 16.00 | 55.00 | 71.00 | NOTE | |
| r-release-windows-x86_64 | 1.0 | 16.00 | 73.00 | 89.00 | NOTE | |
| r-oldrel-macos-arm64 | 1.0 | 6.00 | 27.00 | 33.00 | NOTE | |
| r-oldrel-macos-x86_64 | 1.0 | 9.00 | 39.00 | 48.00 | NOTE | |
| r-oldrel-windows-x86_64 | 1.0 | 21.00 | 88.00 | 109.00 | NOTE |
Version: 1.0
Check: Rd files
Result: NOTE
checkRd: (-1) fmCov.Rd:37: Lost braces; missing escapes or markup?
37 | where, \code{alpha(i)} is the intercept, \code{f(t)} is a {K x 1} vector of
| ^
checkRd: (-1) plot.ffm.Rd:82: Lost braces; missing escapes or markup?
82 | \item{las}{one of {0, 1, 2, 3} to set the direction of axis labels, same as
| ^
checkRd: (-1) summary.ffm.Rd:39: Lost braces; missing escapes or markup?
39 | Returned object is of class {summary.ffm}.
| ^
Flavors: r-devel-linux-x86_64-debian-clang, r-devel-linux-x86_64-debian-gcc, r-devel-linux-x86_64-fedora-clang, r-devel-linux-x86_64-fedora-gcc, r-devel-windows-x86_64, r-patched-linux-x86_64, r-release-linux-x86_64, r-release-macos-arm64, r-release-macos-x86_64, r-release-windows-x86_64, r-oldrel-macos-arm64, r-oldrel-macos-x86_64, r-oldrel-windows-x86_64