Last updated on 2025-10-22 09:50:32 CEST.
Flavor | Version | Tinstall | Tcheck | Ttotal | Status | Flags |
---|---|---|---|---|---|---|
r-devel-linux-x86_64-debian-clang | 1.1.0 | 31.42 | 188.31 | 219.73 | NOTE | |
r-devel-linux-x86_64-debian-gcc | 1.1.0 | 18.10 | 132.53 | 150.63 | NOTE | |
r-devel-linux-x86_64-fedora-clang | 1.1.0 | 102.00 | 262.15 | 364.15 | OK | |
r-devel-linux-x86_64-fedora-gcc | 1.1.0 | 66.00 | 274.75 | 340.75 | OK | |
r-devel-windows-x86_64 | 1.1.0 | 35.00 | 197.00 | 232.00 | OK | |
r-patched-linux-x86_64 | 1.1.0 | 30.92 | 177.91 | 208.83 | OK | |
r-release-linux-x86_64 | 1.1.0 | 25.25 | 177.57 | 202.82 | OK | |
r-release-macos-arm64 | 1.1.0 | 16.00 | 109.00 | 125.00 | OK | |
r-release-macos-x86_64 | 1.1.0 | 26.00 | 171.00 | 197.00 | OK | |
r-release-windows-x86_64 | 1.1.0 | 40.00 | 192.00 | 232.00 | OK | |
r-oldrel-macos-arm64 | 1.1.0 | 12.00 | 87.00 | 99.00 | NOTE | |
r-oldrel-macos-x86_64 | 1.1.0 | 20.00 | 182.00 | 202.00 | NOTE | |
r-oldrel-windows-x86_64 | 1.1.0 | 42.00 | 258.00 | 300.00 | NOTE |
Version: 1.1.0
Check: HTML version of manual
Result: NOTE
Found the following HTML validation problems:
scale_exuber_manual.html:83:1 (scale_exuber_manual.Rd:34): Warning: missing </ul> before </div>
tidy.ds_radf.html:51:1 (tidy.ds_radf.Rd:12): Warning: missing </ul> before </div>
tidy_join.html:56:1 (tidy_join.Rd:17): Warning: missing </ul> before </div>
Flavors: r-devel-linux-x86_64-debian-clang, r-devel-linux-x86_64-debian-gcc
Version: 1.1.0
Check: package dependencies
Result: NOTE
Package suggested but not available for checking: ‘exuberdata’
Flavors: r-oldrel-macos-arm64, r-oldrel-macos-x86_64, r-oldrel-windows-x86_64