CRAN Package Check Results for Package estatapi

Last updated on 2025-11-15 11:50:43 CET.

Flavor Version Tinstall Tcheck Ttotal Status Flags
r-devel-linux-x86_64-debian-clang 0.4.0 2.57 28.68 31.25 OK
r-devel-linux-x86_64-debian-gcc 0.4.0 1.78 23.55 25.33 OK
r-devel-linux-x86_64-fedora-clang 0.4.0 45.40 OK
r-devel-linux-x86_64-fedora-gcc 0.4.0 43.00 OK
r-devel-windows-x86_64 0.4.0 6.00 46.00 52.00 OK
r-patched-linux-x86_64 0.4.0 2.09 26.34 28.43 OK
r-release-linux-x86_64 0.4.0 2.47 26.46 28.93 OK
r-release-macos-arm64 0.4.0 1.00 19.00 20.00 OK
r-release-macos-x86_64 0.4.0 2.00 28.00 30.00 OK
r-release-windows-x86_64 0.4.0 5.00 45.00 50.00 OK
r-oldrel-macos-arm64 0.4.0 1.00 19.00 20.00 NOTE
r-oldrel-macos-x86_64 0.4.0 2.00 25.00 27.00 NOTE
r-oldrel-windows-x86_64 0.4.0 5.00 54.00 59.00 NOTE

Check Details

Version: 0.4.0
Check: LazyData
Result: NOTE 'LazyData' is specified without a 'data' directory Flavors: r-oldrel-macos-arm64, r-oldrel-macos-x86_64, r-oldrel-windows-x86_64