Last updated on 2025-11-14 09:50:01 CET.
| Flavor | Version | Tinstall | Tcheck | Ttotal | Status | Flags |
|---|---|---|---|---|---|---|
| r-devel-linux-x86_64-debian-clang | 0.5.1 | 4.33 | 70.71 | 75.04 | NOTE | |
| r-devel-linux-x86_64-debian-gcc | 0.5.1 | 3.17 | 52.03 | 55.20 | ERROR | |
| r-devel-linux-x86_64-fedora-clang | 0.5.1 | 113.81 | OK | |||
| r-devel-linux-x86_64-fedora-gcc | 0.5.1 | 10.00 | 115.78 | 125.78 | OK | |
| r-devel-windows-x86_64 | 0.5.1 | 11.00 | 84.00 | 95.00 | OK | |
| r-patched-linux-x86_64 | 0.5.1 | 4.17 | 66.17 | 70.34 | OK | |
| r-release-linux-x86_64 | 0.5.1 | 4.19 | 66.46 | 70.65 | OK | |
| r-release-macos-arm64 | 0.5.1 | 2.00 | 42.00 | 44.00 | OK | |
| r-release-macos-x86_64 | 0.5.1 | 4.00 | 82.00 | 86.00 | OK | |
| r-release-windows-x86_64 | 0.5.1 | 9.00 | 88.00 | 97.00 | OK | |
| r-oldrel-macos-arm64 | 0.5.1 | 2.00 | 41.00 | 43.00 | NOTE | |
| r-oldrel-macos-x86_64 | 0.5.1 | 3.00 | 61.00 | 64.00 | NOTE | |
| r-oldrel-windows-x86_64 | 0.5.1 | 9.00 | 111.00 | 120.00 | NOTE |
Version: 0.5.1
Check: CRAN incoming feasibility
Result: NOTE
Maintainer: ‘Carl Boettiger <cboettig@gmail.com>’
Package CITATION file contains call(s) to old-style citEntry(). Please
use bibentry() instead.
Flavors: r-devel-linux-x86_64-debian-clang, r-devel-linux-x86_64-debian-gcc
Version: 0.5.1
Check: tests
Result: ERROR
Running ‘spelling.R’ [0s/0s]
Running ‘testthat.R’ [18s/24s]
Running the tests in ‘tests/testthat.R’ failed.
Complete output:
> library(testthat)
> library(emld)
>
> options("emld_db" = "eml-2.2.0")
> test_check("emld")
[ FAIL 49 | WARN 0 | SKIP 1 | PASS 216 ]
══ Skipped tests (1) ═══════════════════════════════════════════════════════════
• internal class template deprecated (1): 'test-template.R:11:3'
══ Failed tests ════════════════════════════════════════════════════════════════
── Failure ('test-validate.R:21:5'): testing that citation-sbclter-bibliography.201.xml can roundtrip & validate ──
eml_validate(out, schema = schema) is not TRUE
`actual`: FALSE
`expected`: TRUE
── Failure ('test-validate.R:21:5'): testing that citation-sbclter-bibliography.202.xml can roundtrip & validate ──
eml_validate(out, schema = schema) is not TRUE
`actual`: FALSE
`expected`: TRUE
── Failure ('test-validate.R:21:5'): testing that citation-sbclter-bibliography.203.xml can roundtrip & validate ──
eml_validate(out, schema = schema) is not TRUE
`actual`: FALSE
`expected`: TRUE
── Failure ('test-validate.R:21:5'): testing that citation-sbclter-bibliography.211.xml can roundtrip & validate ──
eml_validate(out, schema = schema) is not TRUE
`actual`: FALSE
`expected`: TRUE
── Failure ('test-validate.R:21:5'): testing that citation-sbclter-bibliography.231.xml can roundtrip & validate ──
eml_validate(out, schema = schema) is not TRUE
`actual`: FALSE
`expected`: TRUE
── Failure ('test-validate.R:21:5'): testing that citation-sbclter-bibliography.232.xml can roundtrip & validate ──
eml_validate(out, schema = schema) is not TRUE
`actual`: FALSE
`expected`: TRUE
── Failure ('test-validate.R:21:5'): testing that citation-sbclter-bibliography.233.xml can roundtrip & validate ──
eml_validate(out, schema = schema) is not TRUE
`actual`: FALSE
`expected`: TRUE
── Failure ('test-validate.R:21:5'): testing that citation-sbclter-bibliography.279.xml can roundtrip & validate ──
eml_validate(out, schema = schema) is not TRUE
`actual`: FALSE
`expected`: TRUE
── Failure ('test-validate.R:21:5'): testing that citation-sbclter-bibliography.280.xml can roundtrip & validate ──
eml_validate(out, schema = schema) is not TRUE
`actual`: FALSE
`expected`: TRUE
── Failure ('test-validate.R:21:5'): testing that citation-sbclter-bibliography.297.xml can roundtrip & validate ──
eml_validate(out, schema = schema) is not TRUE
`actual`: FALSE
`expected`: TRUE
── Failure ('test-validate.R:21:5'): testing that citation-sbclter-bibliography.50.xml can roundtrip & validate ──
eml_validate(out, schema = schema) is not TRUE
`actual`: FALSE
`expected`: TRUE
── Failure ('test-validate.R:21:5'): testing that citation-sbclter-bibliography.51.xml can roundtrip & validate ──
eml_validate(out, schema = schema) is not TRUE
`actual`: FALSE
`expected`: TRUE
── Failure ('test-validate.R:21:5'): testing that eml-citationWithContact.xml can roundtrip & validate ──
eml_validate(out, schema = schema) is not TRUE
`actual`: FALSE
`expected`: TRUE
── Failure ('test-validate.R:21:5'): testing that eml-citationWithContactReference.xml can roundtrip & validate ──
eml_validate(out, schema = schema) is not TRUE
`actual`: FALSE
`expected`: TRUE
── Failure ('test-validate.R:21:5'): testing that eml-access.xml can roundtrip & validate ──
eml_validate(out, schema = schema) is not TRUE
`actual`: FALSE
`expected`: TRUE
── Failure ('test-validate.R:21:5'): testing that eml-attribute.xml can roundtrip & validate ──
eml_validate(out, schema = schema) is not TRUE
`actual`: FALSE
`expected`: TRUE
── Failure ('test-validate.R:21:5'): testing that eml-citationWithContact.xml can roundtrip & validate ──
eml_validate(out, schema = schema) is not TRUE
`actual`: FALSE
`expected`: TRUE
── Failure ('test-validate.R:21:5'): testing that eml-citationWithContactReference.xml can roundtrip & validate ──
eml_validate(out, schema = schema) is not TRUE
`actual`: FALSE
`expected`: TRUE
── Failure ('test-validate.R:21:5'): testing that eml-dataTable.xml can roundtrip & validate ──
eml_validate(out, schema = schema) is not TRUE
`actual`: FALSE
`expected`: TRUE
── Failure ('test-validate.R:21:5'): testing that eml-dataset.xml can roundtrip & validate ──
eml_validate(out, schema = schema) is not TRUE
`actual`: FALSE
`expected`: TRUE
── Failure ('test-validate.R:21:5'): testing that eml-datasetMultipleDistribution.xml can roundtrip & validate ──
eml_validate(out, schema = schema) is not TRUE
`actual`: FALSE
`expected`: TRUE
── Failure ('test-validate.R:21:5'): testing that eml-datasetWhitespacePatterns.xml can roundtrip & validate ──
eml_validate(out, schema = schema) is not TRUE
`actual`: FALSE
`expected`: TRUE
── Failure ('test-validate.R:21:5'): testing that eml-datasetWithAccess.xml can roundtrip & validate ──
eml_validate(out, schema = schema) is not TRUE
`actual`: FALSE
`expected`: TRUE
── Failure ('test-validate.R:21:5'): testing that eml-datasetWithAccessOverride.xml can roundtrip & validate ──
eml_validate(out, schema = schema) is not TRUE
`actual`: FALSE
`expected`: TRUE
── Failure ('test-validate.R:21:5'): testing that eml-datasetWithAccessUnitsLiteralLayout.xml can roundtrip & validate ──
eml_validate(out, schema = schema) is not TRUE
`actual`: FALSE
`expected`: TRUE
── Failure ('test-validate.R:21:5'): testing that eml-datasetWithAttributelevelMethods.xml can roundtrip & validate ──
eml_validate(out, schema = schema) is not TRUE
`actual`: FALSE
`expected`: TRUE
── Failure ('test-validate.R:21:5'): testing that eml-datasetWithCitation.xml can roundtrip & validate ──
eml_validate(out, schema = schema) is not TRUE
`actual`: FALSE
`expected`: TRUE
── Failure ('test-validate.R:21:5'): testing that eml-datasetWithUnits.xml can roundtrip & validate ──
eml_validate(out, schema = schema) is not TRUE
`actual`: FALSE
`expected`: TRUE
── Failure ('test-validate.R:21:5'): testing that eml-entity.xml can roundtrip & validate ──
eml_validate(out, schema = schema) is not TRUE
`actual`: FALSE
`expected`: TRUE
── Failure ('test-validate.R:21:5'): testing that eml-inline.xml can roundtrip & validate ──
eml_validate(out, schema = schema) is not TRUE
`actual`: FALSE
`expected`: TRUE
── Failure ('test-validate.R:21:5'): testing that eml-method.xml can roundtrip & validate ──
eml_validate(out, schema = schema) is not TRUE
`actual`: FALSE
`expected`: TRUE
── Failure ('test-validate.R:21:5'): testing that eml-offline.xml can roundtrip & validate ──
eml_validate(out, schema = schema) is not TRUE
`actual`: FALSE
`expected`: TRUE
── Failure ('test-validate.R:21:5'): testing that eml-party.xml can roundtrip & validate ──
eml_validate(out, schema = schema) is not TRUE
`actual`: FALSE
`expected`: TRUE
── Failure ('test-validate.R:21:5'): testing that eml-physical-inline-cdatasection.xml can roundtrip & validate ──
eml_validate(out, schema = schema) is not TRUE
`actual`: FALSE
`expected`: TRUE
── Failure ('test-validate.R:21:5'): testing that eml-physical-inline.xml can roundtrip & validate ──
eml_validate(out, schema = schema) is not TRUE
`actual`: FALSE
`expected`: TRUE
── Failure ('test-validate.R:21:5'): testing that eml-physical.xml can roundtrip & validate ──
eml_validate(out, schema = schema) is not TRUE
`actual`: FALSE
`expected`: TRUE
── Failure ('test-validate.R:21:5'): testing that eml-project.xml can roundtrip & validate ──
eml_validate(out, schema = schema) is not TRUE
`actual`: FALSE
`expected`: TRUE
── Failure ('test-validate.R:21:5'): testing that eml-protocol.xml can roundtrip & validate ──
eml_validate(out, schema = schema) is not TRUE
`actual`: FALSE
`expected`: TRUE
── Failure ('test-validate.R:21:5'): testing that eml-sample.xml can roundtrip & validate ──
eml_validate(out, schema = schema) is not TRUE
`actual`: FALSE
`expected`: TRUE
── Failure ('test-validate.R:21:5'): testing that eml-software.xml can roundtrip & validate ──
eml_validate(out, schema = schema) is not TRUE
`actual`: FALSE
`expected`: TRUE
── Failure ('test-validate.R:21:5'): testing that eml-softwareWithAcessDistribution.xml can roundtrip & validate ──
eml_validate(out, schema = schema) is not TRUE
`actual`: FALSE
`expected`: TRUE
── Failure ('test-validate.R:21:5'): testing that eml-spatialVector.xml can roundtrip & validate ──
eml_validate(out, schema = schema) is not TRUE
`actual`: FALSE
`expected`: TRUE
── Failure ('test-validate.R:21:5'): testing that eml-storedProcedure.xml can roundtrip & validate ──
eml_validate(out, schema = schema) is not TRUE
`actual`: FALSE
`expected`: TRUE
── Failure ('test-validate.R:21:5'): testing that eml-text.xml can roundtrip & validate ──
eml_validate(out, schema = schema) is not TRUE
`actual`: FALSE
`expected`: TRUE
── Failure ('test-validate.R:21:5'): testing that eml-view.xml can roundtrip & validate ──
eml_validate(out, schema = schema) is not TRUE
`actual`: FALSE
`expected`: TRUE
── Failure ('test-validate.R:21:5'): testing that eml-datasetWithNonwordCharacters.xml can roundtrip & validate ──
eml_validate(out, schema = schema) is not TRUE
`actual`: FALSE
`expected`: TRUE
── Failure ('test-validate.R:21:5'): testing that eml-i18n.xml can roundtrip & validate ──
eml_validate(out, schema = schema) is not TRUE
`actual`: FALSE
`expected`: TRUE
── Failure ('test-validate.R:21:5'): testing that eml-literature.xml can roundtrip & validate ──
eml_validate(out, schema = schema) is not TRUE
`actual`: FALSE
`expected`: TRUE
── Failure ('test-validate.R:21:5'): testing that eml-literatureInPress.xml can roundtrip & validate ──
eml_validate(out, schema = schema) is not TRUE
`actual`: FALSE
`expected`: TRUE
[ FAIL 49 | WARN 0 | SKIP 1 | PASS 216 ]
Error: Test failures
Execution halted
Flavor: r-devel-linux-x86_64-debian-gcc
Version: 0.5.1
Check: LazyData
Result: NOTE
'LazyData' is specified without a 'data' directory
Flavors: r-oldrel-macos-arm64, r-oldrel-macos-x86_64, r-oldrel-windows-x86_64