Last updated on 2025-11-03 09:49:29 CET.
| Flavor | Version | Tinstall | Tcheck | Ttotal | Status | Flags | 
|---|---|---|---|---|---|---|
| r-devel-linux-x86_64-debian-clang | 3.1.3 | 10.47 | 26.58 | 37.05 | NOTE | |
| r-devel-linux-x86_64-debian-gcc | 3.1.3 | 7.19 | 20.83 | 28.02 | NOTE | |
| r-devel-linux-x86_64-fedora-clang | 3.1.3 | 28.00 | 30.91 | 58.91 | OK | |
| r-devel-linux-x86_64-fedora-gcc | 3.1.3 | 25.00 | 30.27 | 55.27 | OK | |
| r-devel-windows-x86_64 | 3.1.3 | 14.00 | 60.00 | 74.00 | OK | |
| r-patched-linux-x86_64 | 3.1.3 | 10.60 | 23.86 | 34.46 | OK | |
| r-release-linux-x86_64 | 3.1.3 | 10.26 | 23.65 | 33.91 | OK | |
| r-release-macos-arm64 | 3.1.3 | 6.00 | 20.00 | 26.00 | OK | |
| r-release-macos-x86_64 | 3.1.3 | 9.00 | 28.00 | 37.00 | OK | |
| r-release-windows-x86_64 | 3.1.3 | 14.00 | 60.00 | 74.00 | OK | |
| r-oldrel-macos-arm64 | 3.1.3 | 7.00 | 17.00 | 24.00 | OK | |
| r-oldrel-macos-x86_64 | 3.1.3 | 9.00 | 24.00 | 33.00 | OK | |
| r-oldrel-windows-x86_64 | 3.1.3 | 17.00 | 70.00 | 87.00 | OK | 
Version: 3.1.3
Check: CRAN incoming feasibility
Result: NOTE
  Maintainer: ‘Mehmet Hakan Satman <mhsatman@istanbul.edu.tr>’
  
  No Authors@R field in DESCRIPTION.
  Please add one, modifying
    Authors@R: c(person(given = c("Mehmet", "Hakan"),
                        family = "Satman",
                        role = c("aut", "cre"),
                        email = "mhsatman@istanbul.edu.tr",
                        comment = "Ph.D."),
                 person(given = "Erkin",
                        family = "Diyarbakirlioglu",
                        role = "aut",
                        comment = "Ph.D."))
  as necessary.
Flavors: r-devel-linux-x86_64-debian-clang, r-devel-linux-x86_64-debian-gcc