Last updated on 2025-10-21 09:48:30 CEST.
Flavor | Version | Tinstall | Tcheck | Ttotal | Status | Flags |
---|---|---|---|---|---|---|
r-devel-linux-x86_64-debian-clang | 0.1.7 | 4.38 | 38.25 | 42.63 | OK | |
r-devel-linux-x86_64-debian-gcc | 0.1.7 | 3.25 | 29.65 | 32.90 | NOTE | |
r-devel-linux-x86_64-fedora-clang | 0.1.7 | 64.85 | OK | |||
r-devel-linux-x86_64-fedora-gcc | 0.1.7 | 58.49 | OK | |||
r-devel-windows-x86_64 | 0.1.7 | 6.00 | 55.00 | 61.00 | OK | |
r-patched-linux-x86_64 | 0.1.7 | 5.11 | 35.04 | 40.15 | OK | |
r-release-linux-x86_64 | 0.1.7 | 4.32 | 35.79 | 40.11 | OK | |
r-release-macos-arm64 | 0.1.7 | 22.00 | OK | |||
r-release-macos-x86_64 | 0.1.7 | 36.00 | OK | |||
r-release-windows-x86_64 | 0.1.7 | 6.00 | 62.00 | 68.00 | OK | |
r-oldrel-macos-arm64 | 0.1.7 | 27.00 | OK | |||
r-oldrel-macos-x86_64 | 0.1.7 | 45.00 | OK | |||
r-oldrel-windows-x86_64 | 0.1.7 | 8.00 | 65.00 | 73.00 | OK |
Version: 0.1.7
Check: HTML version of manual
Result: NOTE
Found the following HTML validation problems:
drawLine.html:50:1 (drawLine.Rd:12): Warning: missing </ul> before </div>
getCalendarTime.html:52:1 (getCalendarTime.Rd:14): Warning: missing </ul> before </div>
orderStatSearchColumns.html:46:1 (orderStatSearchColumns.Rd:10): Warning: missing </ul> before </div>
setCalendar.html:51:1 (setCalendar.Rd:12): Warning: missing </ul> before </div>
showStatItemList.html:54:1 (showStatItemList.Rd:14): Warning: missing </ul> before </div>
showStatTableList.html:50:1 (showStatTableList.Rd:12): Warning: missing </ul> before </div>
Flavor: r-devel-linux-x86_64-debian-gcc