Last updated on 2025-10-25 09:49:28 CEST.
| Flavor | Version | Tinstall | Tcheck | Ttotal | Status | Flags |
|---|---|---|---|---|---|---|
| r-devel-linux-x86_64-debian-clang | 0.1.1-10 | 3.90 | 34.69 | 38.59 | NOTE | |
| r-devel-linux-x86_64-debian-gcc | 0.1.1-10 | 3.35 | 24.44 | 27.79 | NOTE | |
| r-devel-linux-x86_64-fedora-clang | 0.1.1-10 | 12.00 | 48.16 | 60.16 | NOTE | |
| r-devel-linux-x86_64-fedora-gcc | 0.1.1-10 | 10.00 | 46.59 | 56.59 | NOTE | |
| r-devel-windows-x86_64 | 0.1.1-10 | 5.00 | 48.00 | 53.00 | NOTE | |
| r-patched-linux-x86_64 | 0.1.1-10 | 3.92 | 32.06 | 35.98 | NOTE | |
| r-release-linux-x86_64 | 0.1.1-10 | 4.62 | 31.76 | 36.38 | NOTE | |
| r-release-macos-arm64 | 0.1.1-10 | 2.00 | 18.00 | 20.00 | NOTE | |
| r-release-macos-x86_64 | 0.1.1-10 | 4.00 | 30.00 | 34.00 | NOTE | |
| r-release-windows-x86_64 | 0.1.1-10 | 5.00 | 49.00 | 54.00 | NOTE | |
| r-oldrel-macos-arm64 | 0.1.1-10 | 2.00 | 16.00 | 18.00 | NOTE | |
| r-oldrel-macos-x86_64 | 0.1.1-10 | 3.00 | 24.00 | 27.00 | NOTE | |
| r-oldrel-windows-x86_64 | 0.1.1-10 | 8.00 | 59.00 | 67.00 | NOTE |
Version: 0.1.1-10
Check: Rd files
Result: NOTE
checkRd: (-1) ecolRxC.Rd:161-166: Lost braces in \itemize; meant \describe ?
checkRd: (-1) ecolRxC.Rd:167-175: Lost braces in \itemize; meant \describe ?
checkRd: (-1) ecolRxC.Rd:176-178: Lost braces in \itemize; meant \describe ?
checkRd: (-1) ecolRxC.Rd:179-185: Lost braces in \itemize; meant \describe ?
checkRd: (-1) ecolRxC.Rd:186-192: Lost braces in \itemize; meant \describe ?
checkRd: (-1) ecolRxC.Rd:193-201: Lost braces in \itemize; meant \describe ?
checkRd: (-1) ecolRxC.Rd:202-208: Lost braces in \itemize; meant \describe ?
checkRd: (-1) ecolRxC.Rd:209-216: Lost braces in \itemize; meant \describe ?
checkRd: (-1) ecolRxC.Rd:217-221: Lost braces in \itemize; meant \describe ?
Flavors: r-devel-linux-x86_64-debian-clang, r-devel-linux-x86_64-debian-gcc, r-devel-linux-x86_64-fedora-clang, r-devel-linux-x86_64-fedora-gcc, r-devel-windows-x86_64, r-patched-linux-x86_64, r-release-linux-x86_64, r-release-macos-arm64, r-release-macos-x86_64, r-release-windows-x86_64, r-oldrel-macos-arm64, r-oldrel-macos-x86_64, r-oldrel-windows-x86_64