CRAN Package Check Results for Package ecdfHT

Last updated on 2025-11-20 11:51:09 CET.

Flavor Version Tinstall Tcheck Ttotal Status Flags
r-devel-linux-x86_64-debian-clang 0.1.1 2.41 29.71 32.12 NOTE
r-devel-linux-x86_64-debian-gcc 0.1.1 1.53 22.66 24.19 NOTE
r-devel-linux-x86_64-fedora-clang 0.1.1 48.61 OK
r-devel-linux-x86_64-fedora-gcc 0.1.1 46.02 OK
r-devel-windows-x86_64 0.1.1 9.00 42.00 51.00 OK
r-patched-linux-x86_64 0.1.1 2.37 28.13 30.50 OK
r-release-linux-x86_64 0.1.1 2.45 27.68 30.13 OK
r-release-macos-arm64 0.1.1 OK
r-release-macos-x86_64 0.1.1 3.00 34.00 37.00 OK
r-release-windows-x86_64 0.1.1 5.00 43.00 48.00 OK
r-oldrel-macos-arm64 0.1.1 NOTE
r-oldrel-macos-x86_64 0.1.1 2.00 28.00 30.00 NOTE
r-oldrel-windows-x86_64 0.1.1 5.00 50.00 55.00 NOTE

Check Details

Version: 0.1.1
Check: CRAN incoming feasibility
Result: NOTE Maintainer: ‘John P Nolan <jpnolan@american.edu>’ No Authors@R field in DESCRIPTION. Please add one, modifying Authors@R: person(given = c("John", "P"), family = "Nolan", role = c("aut", "cre"), email = "jpnolan@american.edu") as necessary. Flavors: r-devel-linux-x86_64-debian-clang, r-devel-linux-x86_64-debian-gcc

Version: 0.1.1
Check: LazyData
Result: NOTE 'LazyData' is specified without a 'data' directory Flavors: r-oldrel-macos-arm64, r-oldrel-macos-x86_64, r-oldrel-windows-x86_64