Last updated on 2025-10-25 09:49:28 CEST.
| Flavor | Version | Tinstall | Tcheck | Ttotal | Status | Flags |
|---|---|---|---|---|---|---|
| r-devel-linux-x86_64-debian-clang | 1.0.2 | 9.45 | 90.78 | 100.23 | NOTE | |
| r-devel-linux-x86_64-debian-gcc | 1.0.2 | 7.25 | 63.28 | 70.53 | NOTE | |
| r-devel-linux-x86_64-fedora-clang | 1.0.2 | 36.00 | 115.33 | 151.33 | OK | |
| r-devel-linux-x86_64-fedora-gcc | 1.0.2 | 18.00 | 120.35 | 138.35 | OK | |
| r-devel-windows-x86_64 | 1.0.2 | 11.00 | 92.00 | 103.00 | OK | |
| r-patched-linux-x86_64 | 1.0.2 | 10.02 | 81.99 | 92.01 | OK | |
| r-release-linux-x86_64 | 1.0.2 | 8.96 | 81.79 | 90.75 | OK | |
| r-release-macos-arm64 | 1.0.2 | 5.00 | 39.00 | 44.00 | OK | |
| r-release-macos-x86_64 | 1.0.2 | 11.00 | 75.00 | 86.00 | OK | |
| r-release-windows-x86_64 | 1.0.2 | 12.00 | 94.00 | 106.00 | OK | |
| r-oldrel-macos-arm64 | 1.0.2 | 5.00 | 39.00 | 44.00 | NOTE | |
| r-oldrel-macos-x86_64 | 1.0.2 | 9.00 | 57.00 | 66.00 | NOTE | |
| r-oldrel-windows-x86_64 | 1.0.2 | 14.00 | 118.00 | 132.00 | NOTE |
Version: 1.0.2
Check: CRAN incoming feasibility
Result: NOTE
Maintainer: ‘Robrecht Cannoodt <rcannood@gmail.com>’
Package CITATION file contains call(s) to old-style citEntry(). Please
use bibentry() instead.
Flavors: r-devel-linux-x86_64-debian-clang, r-devel-linux-x86_64-debian-gcc
Version: 1.0.2
Check: DESCRIPTION meta-information
Result: NOTE
Author field differs from that derived from Authors@R
Author: ‘Robrecht Cannoodt [aut, cre] (<https://orcid.org/0000-0003-3641-729X>, rcannood), Wouter Saelens [aut] (<https://orcid.org/0000-0002-7114-6248>, zouter)’
Authors@R: ‘Robrecht Cannoodt [aut, cre] (ORCID: <https://orcid.org/0000-0003-3641-729X>, github: rcannood), Wouter Saelens [aut] (ORCID: <https://orcid.org/0000-0002-7114-6248>, github: zouter)’
Flavors: r-devel-linux-x86_64-debian-clang, r-devel-linux-x86_64-debian-gcc
Version: 1.0.2
Check: LazyData
Result: NOTE
'LazyData' is specified without a 'data' directory
Flavors: r-oldrel-macos-arm64, r-oldrel-macos-x86_64, r-oldrel-windows-x86_64