Last updated on 2025-10-30 09:49:48 CET.
| Flavor | Version | Tinstall | Tcheck | Ttotal | Status | Flags | 
|---|---|---|---|---|---|---|
| r-devel-linux-x86_64-debian-clang | 1.1.0 | 1.57 | 18.77 | 20.34 | NOTE | |
| r-devel-linux-x86_64-debian-gcc | 1.1.0 | 1.39 | 15.81 | 17.20 | NOTE | |
| r-devel-linux-x86_64-fedora-clang | 1.1.0 | 30.82 | OK | |||
| r-devel-linux-x86_64-fedora-gcc | 1.1.0 | 29.73 | OK | |||
| r-devel-windows-x86_64 | 1.1.0 | 2.00 | 37.00 | 39.00 | OK | |
| r-patched-linux-x86_64 | 1.1.0 | 1.55 | 18.07 | 19.62 | OK | |
| r-release-linux-x86_64 | 1.1.0 | 1.34 | 18.07 | 19.41 | OK | |
| r-release-macos-arm64 | 1.1.0 | 1.00 | 15.00 | 16.00 | OK | |
| r-release-macos-x86_64 | 1.1.0 | 2.00 | 23.00 | 25.00 | OK | |
| r-release-windows-x86_64 | 1.1.0 | 3.00 | 40.00 | 43.00 | OK | |
| r-oldrel-macos-arm64 | 1.1.0 | 1.00 | 13.00 | 14.00 | OK | |
| r-oldrel-macos-x86_64 | 1.1.0 | 1.00 | 20.00 | 21.00 | OK | |
| r-oldrel-windows-x86_64 | 1.1.0 | 3.00 | 38.00 | 41.00 | OK | 
Version: 1.1.0
Check: CRAN incoming feasibility
Result: NOTE
  Maintainer: ‘Xutao Deng <xutaodeng@gmail.com>’
  
  No Authors@R field in DESCRIPTION.
  Please add one, modifying
    Authors@R: person(given = "Xutao",
                      family = "Deng",
                      role = c("aut", "cre"),
                      email = "xutaodeng@gmail.com")
  as necessary.
Flavors: r-devel-linux-x86_64-debian-clang, r-devel-linux-x86_64-debian-gcc