CRAN Package Check Results for Package denvax

Last updated on 2025-10-22 09:50:30 CEST.

Flavor Version Tinstall Tcheck Ttotal Status Flags
r-devel-linux-x86_64-debian-clang 0.1.2 1.82 28.40 30.22 NOTE
r-devel-linux-x86_64-debian-gcc 0.1.2 1.52 22.48 24.00 NOTE
r-devel-linux-x86_64-fedora-clang 0.1.2 46.68 OK
r-devel-linux-x86_64-fedora-gcc 0.1.2 58.60 OK
r-devel-windows-x86_64 0.1.2 3.00 49.00 52.00 OK
r-patched-linux-x86_64 0.1.2 2.06 26.81 28.87 OK
r-release-linux-x86_64 0.1.2 1.82 27.06 28.88 OK
r-release-macos-arm64 0.1.2 1.00 25.00 26.00 OK
r-release-macos-x86_64 0.1.2 2.00 39.00 41.00 OK
r-release-windows-x86_64 0.1.2 5.00 49.00 54.00 OK
r-oldrel-macos-arm64 0.1.2 1.00 23.00 24.00 OK
r-oldrel-macos-x86_64 0.1.2 2.00 32.00 34.00 OK
r-oldrel-windows-x86_64 0.1.2 4.00 56.00 60.00 OK

Check Details

Version: 0.1.2
Check: CRAN incoming feasibility
Result: NOTE Maintainer: ‘Carl A. B. Pearson <carl.pearson@lshtm.ac.uk>’ Found the following URLs which should use \doi (with the DOI name only): File ‘denvax.Rd’: https://doi.org/10.1098/rsif.2019.0234 File ‘lazou2016.Rd’: https://doi.org/10.1056/NEJMoa1503877 File ‘morrison2010.Rd’: https://doi.org/10.1371/journal.pntd.0000670 File ‘nPxA.Rd’: https://doi.org/10.1098/rsif.2019.0234 Flavors: r-devel-linux-x86_64-debian-clang, r-devel-linux-x86_64-debian-gcc