Last updated on 2025-11-14 09:50:00 CET.
| Flavor | Version | Tinstall | Tcheck | Ttotal | Status | Flags |
|---|---|---|---|---|---|---|
| r-devel-linux-x86_64-debian-clang | 1.0-0 | 29.91 | 218.54 | 248.45 | NOTE | |
| r-devel-linux-x86_64-debian-gcc | 1.0-0 | 20.92 | 164.83 | 185.75 | NOTE | |
| r-devel-linux-x86_64-fedora-clang | 1.0-0 | 137.00 | 266.39 | 403.39 | NOTE | |
| r-devel-linux-x86_64-fedora-gcc | 1.0-0 | 131.00 | 258.27 | 389.27 | NOTE | |
| r-devel-windows-x86_64 | 1.0-0 | 21.00 | 132.00 | 153.00 | NOTE | |
| r-patched-linux-x86_64 | 1.0-0 | 28.09 | 207.96 | 236.05 | NOTE | |
| r-release-linux-x86_64 | 1.0-0 | 26.30 | 208.45 | 234.75 | NOTE | |
| r-release-macos-arm64 | 1.0-0 | 13.00 | 66.00 | 79.00 | NOTE | |
| r-release-macos-x86_64 | 1.0-0 | 17.00 | 111.00 | 128.00 | NOTE | |
| r-release-windows-x86_64 | 1.0-0 | 27.00 | 178.00 | 205.00 | NOTE | |
| r-oldrel-macos-arm64 | 1.0-0 | 7.00 | 56.00 | 63.00 | OK | |
| r-oldrel-macos-x86_64 | 1.0-0 | 15.00 | 75.00 | 90.00 | OK | |
| r-oldrel-windows-x86_64 | 1.0-0 | 37.00 | 240.00 | 277.00 | OK |
Version: 1.0-0
Check: DESCRIPTION meta-information
Result: NOTE
Missing dependency on R >= 4.1.0 because package code uses the pipe
|> or function shorthand \(...) syntax added in R 4.1.0.
File(s) using such syntax:
‘deeptrafo.Rd’ ‘ensembles.R’ ‘methods.R’
Flavors: r-devel-linux-x86_64-debian-clang, r-devel-linux-x86_64-debian-gcc, r-devel-linux-x86_64-fedora-clang, r-devel-linux-x86_64-fedora-gcc, r-devel-windows-x86_64, r-patched-linux-x86_64, r-release-linux-x86_64, r-release-macos-arm64, r-release-windows-x86_64
Version: 1.0-0
Check: DESCRIPTION meta-information
Result: NOTE
Missing dependency on R >= 4.1.0 because package code uses the pipe
|> or function shorthand \(...) syntax added in R 4.1.0.
File(s) using such syntax:
‘ensembles.R’ ‘methods.R’
Flavor: r-release-macos-x86_64