Last updated on 2025-10-31 09:50:15 CET.
| Flavor | Version | Tinstall | Tcheck | Ttotal | Status | Flags | 
|---|---|---|---|---|---|---|
| r-devel-linux-x86_64-debian-clang | 1.2 | 5.87 | 67.44 | 73.31 | NOTE | |
| r-devel-linux-x86_64-debian-gcc | 1.2 | 5.15 | 49.60 | 54.75 | NOTE | |
| r-devel-linux-x86_64-fedora-clang | 1.2 | 14.00 | 94.73 | 108.73 | NOTE | |
| r-devel-linux-x86_64-fedora-gcc | 1.2 | 13.00 | 90.86 | 103.86 | NOTE | |
| r-devel-windows-x86_64 | 1.2 | 8.00 | 79.00 | 87.00 | NOTE | |
| r-patched-linux-x86_64 | 1.2 | 7.83 | 62.72 | 70.55 | NOTE | |
| r-release-linux-x86_64 | 1.2 | 7.03 | 64.21 | 71.24 | NOTE | |
| r-release-macos-arm64 | 1.2 | 4.00 | 33.00 | 37.00 | NOTE | |
| r-release-macos-x86_64 | 1.2 | 7.00 | 66.00 | 73.00 | NOTE | |
| r-release-windows-x86_64 | 1.2 | 8.00 | 83.00 | 91.00 | NOTE | |
| r-oldrel-macos-arm64 | 1.2 | 4.00 | 30.00 | 34.00 | NOTE | |
| r-oldrel-macos-x86_64 | 1.2 | 5.00 | 48.00 | 53.00 | NOTE | |
| r-oldrel-windows-x86_64 | 1.2 | 10.00 | 96.00 | 106.00 | NOTE | 
Version: 1.2
Check: Rd files
Result: NOTE
  checkRd: (-1) deepNN-package.Rd:18: Lost braces
      18 | section{Dependencies}{
         |        ^
  checkRd: (-1) deepNN-package.Rd:18-21: Lost braces
      18 | section{Dependencies}{
         |                      ^
  checkRd: (-1) deepNN-package.Rd:23: Lost braces
      23 | section{Citation}{
         |        ^
  checkRd: (-1) deepNN-package.Rd:23-25: Lost braces
      23 | section{Citation}{
         |                  ^
  checkRd: (-1) deepNN-package.Rd:27-38: Lost braces
      27 | references{
         |           ^
Flavors: r-devel-linux-x86_64-debian-clang, r-devel-linux-x86_64-debian-gcc, r-devel-linux-x86_64-fedora-clang, r-devel-linux-x86_64-fedora-gcc, r-devel-windows-x86_64, r-patched-linux-x86_64, r-release-linux-x86_64, r-release-macos-arm64, r-release-macos-x86_64, r-release-windows-x86_64, r-oldrel-macos-arm64, r-oldrel-macos-x86_64, r-oldrel-windows-x86_64