Last updated on 2025-10-22 09:50:30 CEST.
Flavor | Version | Tinstall | Tcheck | Ttotal | Status | Flags |
---|---|---|---|---|---|---|
r-devel-linux-x86_64-debian-clang | 0.2.4 | 16.95 | 88.55 | 105.50 | NOTE | |
r-devel-linux-x86_64-debian-gcc | 0.2.4 | 10.31 | 64.74 | 75.05 | NOTE | |
r-devel-linux-x86_64-fedora-clang | 0.2.4 | 47.00 | 121.79 | 168.79 | OK | |
r-devel-linux-x86_64-fedora-gcc | 0.2.4 | 35.00 | 135.46 | 170.46 | OK | |
r-devel-windows-x86_64 | 0.2.4 | 21.00 | 108.00 | 129.00 | OK | |
r-patched-linux-x86_64 | 0.2.4 | 14.58 | 84.14 | 98.72 | OK | |
r-release-linux-x86_64 | 0.2.4 | 16.47 | 83.42 | 99.89 | OK | |
r-release-macos-arm64 | 0.2.4 | 7.00 | 48.00 | 55.00 | OK | |
r-release-macos-x86_64 | 0.2.4 | 13.00 | 90.00 | 103.00 | OK | |
r-release-windows-x86_64 | 0.2.4 | 20.00 | 111.00 | 131.00 | OK | |
r-oldrel-macos-arm64 | 0.2.4 | 9.00 | 46.00 | 55.00 | OK | |
r-oldrel-macos-x86_64 | 0.2.4 | 12.00 | 67.00 | 79.00 | OK | |
r-oldrel-windows-x86_64 | 0.2.4 | 26.00 | 141.00 | 167.00 | OK |
Version: 0.2.4
Check: CRAN incoming feasibility
Result: NOTE
Maintainer: ‘Jonathan M. Gilligan <jonathan.gilligan@vanderbilt.edu>’
Package CITATION file contains call(s) to old-style personList() or
as.personList(). Please use c() on person objects instead.
Package CITATION file contains call(s) to old-style citEntry(). Please
use bibentry() instead.
Flavors: r-devel-linux-x86_64-debian-clang, r-devel-linux-x86_64-debian-gcc
Version: 0.2.4
Check: HTML version of manual
Result: NOTE
Found the following HTML validation problems:
action_vec.html:46:1 (action_vec.Rd:10): Warning: missing </ul> before </div>
best_performance.html:46:1 (best_performance.Rd:10): Warning: missing </ul> before </div>
estimation_details.html:46:1 (estimation_details.Rd:10): Warning: missing </ul> before </div>
fitnessCPP.html:66:1 (fitnessCPP.Rd:16): Warning: missing </ul> before </div>
states.html:46:1 (states.Rd:10): Warning: missing </ul> before </div>
varImp.html:46:1 (varImp.Rd:10): Warning: missing </ul> before </div>
Flavors: r-devel-linux-x86_64-debian-clang, r-devel-linux-x86_64-debian-gcc