Last updated on 2025-10-22 09:50:30 CEST.
Flavor | Version | Tinstall | Tcheck | Ttotal | Status | Flags |
---|---|---|---|---|---|---|
r-devel-linux-x86_64-debian-clang | 1.0.2 | 23.63 | 115.70 | 139.33 | NOTE | |
r-devel-linux-x86_64-debian-gcc | 1.0.2 | 12.94 | 76.64 | 89.58 | NOTE | |
r-devel-linux-x86_64-fedora-clang | 1.0.2 | 78.00 | 168.71 | 246.71 | OK | |
r-devel-linux-x86_64-fedora-gcc | 1.0.2 | 42.00 | 181.77 | 223.77 | OK | |
r-devel-windows-x86_64 | 1.0.2 | 30.00 | 138.00 | 168.00 | OK | |
r-patched-linux-x86_64 | 1.0.2 | 22.54 | 111.03 | 133.57 | OK | |
r-release-linux-x86_64 | 1.0.2 | 20.89 | 109.19 | 130.08 | OK | |
r-release-macos-arm64 | 1.0.2 | 11.00 | 47.00 | 58.00 | OK | |
r-release-macos-x86_64 | 1.0.2 | 16.00 | 85.00 | 101.00 | OK | |
r-release-windows-x86_64 | 1.0.2 | 34.00 | 140.00 | 174.00 | OK | |
r-oldrel-macos-arm64 | 1.0.2 | 9.00 | 51.00 | 60.00 | OK | |
r-oldrel-macos-x86_64 | 1.0.2 | 22.00 | 92.00 | 114.00 | OK | |
r-oldrel-windows-x86_64 | 1.0.2 | 38.00 | 181.00 | 219.00 | OK |
Version: 1.0.2
Check: HTML version of manual
Result: NOTE
Found the following HTML validation problems:
DANN_distance.html:54:1 (DANN_distance.Rd:14): Warning: missing </ul> before </div>
MODE.html:48:1 (MODE.Rd:11): Warning: missing </ul> before </div>
class_proportions.html:50:1 (class_proportions.Rd:12): Warning: missing </ul> before </div>
Flavors: r-devel-linux-x86_64-debian-clang, r-devel-linux-x86_64-debian-gcc