Last updated on 2025-11-02 10:50:40 CET.
| Flavor | Version | Tinstall | Tcheck | Ttotal | Status | Flags |
|---|---|---|---|---|---|---|
| r-devel-linux-x86_64-debian-clang | 1.2 | 37.66 | 293.64 | 331.30 | NOTE | |
| r-devel-linux-x86_64-debian-gcc | 1.2 | 30.53 | 214.33 | 244.86 | NOTE | |
| r-devel-linux-x86_64-fedora-clang | 1.2 | 184.00 | 372.09 | 556.09 | OK | |
| r-devel-linux-x86_64-fedora-gcc | 1.2 | 203.00 | 323.77 | 526.77 | OK | |
| r-devel-windows-x86_64 | 1.2 | 34.00 | 250.00 | 284.00 | OK | |
| r-patched-linux-x86_64 | 1.2 | 0.32 | 1.72 | 2.04 | ERROR | |
| r-release-linux-x86_64 | 1.2 | 35.21 | 281.64 | 316.85 | OK | |
| r-release-macos-arm64 | 1.2 | 15.00 | 102.00 | 117.00 | OK | |
| r-release-macos-x86_64 | 1.2 | 7.00 | ERROR | |||
| r-release-windows-x86_64 | 1.2 | 34.00 | 241.00 | 275.00 | OK | |
| r-oldrel-macos-arm64 | 1.2 | 15.00 | 98.00 | 113.00 | NOTE | |
| r-oldrel-macos-x86_64 | 1.2 | 24.00 | 161.00 | 185.00 | NOTE | |
| r-oldrel-windows-x86_64 | 1.2 | 33.00 | 241.00 | 274.00 | NOTE |
Version: 1.2
Check: CRAN incoming feasibility
Result: NOTE
Maintainer: ‘Nicolae Teodor Melita <nt_melita@yahoo.com>’
No Authors@R field in DESCRIPTION.
Please add one, modifying
Authors@R: person(given = c("Nicolae", "Teodor"),
family = "Melita",
role = c("aut", "cre"),
email = "nt_melita@yahoo.com")
as necessary.
Flavors: r-devel-linux-x86_64-debian-clang, r-devel-linux-x86_64-debian-gcc
Version: 1.2
Check: package dependencies
Result: ERROR
Package required but not available: ‘MLInterfaces’
See section ‘The DESCRIPTION file’ in the ‘Writing R Extensions’
manual.
Flavors: r-patched-linux-x86_64, r-release-macos-x86_64
Version: 1.2
Check: LazyData
Result: NOTE
'LazyData' is specified without a 'data' directory
Flavors: r-oldrel-macos-arm64, r-oldrel-macos-x86_64, r-oldrel-windows-x86_64