Last updated on 2025-10-22 09:50:30 CEST.
Flavor | Version | Tinstall | Tcheck | Ttotal | Status | Flags |
---|---|---|---|---|---|---|
r-devel-linux-x86_64-debian-clang | 0.4.1 | 2.58 | 28.10 | 30.68 | NOTE | |
r-devel-linux-x86_64-debian-gcc | 0.4.1 | 2.04 | 22.86 | 24.90 | NOTE | |
r-devel-linux-x86_64-fedora-clang | 0.4.1 | 33.65 | OK | |||
r-devel-linux-x86_64-fedora-gcc | 0.4.1 | 42.41 | OK | |||
r-devel-windows-x86_64 | 0.4.1 | 6.00 | 44.00 | 50.00 | OK | |
r-patched-linux-x86_64 | 0.4.1 | 2.48 | 25.82 | 28.30 | OK | |
r-release-linux-x86_64 | 0.4.1 | 2.78 | 25.72 | 28.50 | OK | |
r-release-macos-arm64 | 0.4.1 | 1.00 | 18.00 | 19.00 | OK | |
r-release-macos-x86_64 | 0.4.1 | 2.00 | 29.00 | 31.00 | OK | |
r-release-windows-x86_64 | 0.4.1 | 6.00 | 48.00 | 54.00 | OK | |
r-oldrel-macos-arm64 | 0.4.1 | 2.00 | 22.00 | 24.00 | OK | |
r-oldrel-macos-x86_64 | 0.4.1 | 3.00 | 42.00 | 45.00 | OK | |
r-oldrel-windows-x86_64 | 0.4.1 | 7.00 | 52.00 | 59.00 | OK |
Version: 0.4.1
Check: HTML version of manual
Result: NOTE
Found the following HTML validation problems:
cubeOptions.html:58:1 (cubeOptions.Rd:16): Warning: missing </ul> before </div>
legendOptions.html:54:1 (legendOptions.Rd:14): Warning: missing </ul> before </div>
Flavors: r-devel-linux-x86_64-debian-clang, r-devel-linux-x86_64-debian-gcc