Last updated on 2025-10-22 09:50:30 CEST.
Flavor | Version | Tinstall | Tcheck | Ttotal | Status | Flags |
---|---|---|---|---|---|---|
r-devel-linux-x86_64-debian-clang | 1.0.7 | 34.39 | 681.60 | 715.99 | NOTE | |
r-devel-linux-x86_64-debian-gcc | 1.0.7 | 26.92 | 419.92 | 446.84 | NOTE | |
r-devel-linux-x86_64-fedora-clang | 1.0.7 | 55.00 | 773.03 | 828.03 | OK | |
r-devel-linux-x86_64-fedora-gcc | 1.0.7 | 81.00 | 944.25 | 1025.25 | OK | |
r-devel-windows-x86_64 | 1.0.7 | 31.00 | 229.00 | 260.00 | OK | --no-vignettes |
r-patched-linux-x86_64 | 1.0.7 | 36.03 | 634.69 | 670.72 | OK | |
r-release-linux-x86_64 | 1.0.7 | 37.07 | 631.78 | 668.85 | OK | |
r-release-macos-arm64 | 1.0.7 | 14.00 | 212.00 | 226.00 | OK | |
r-release-macos-x86_64 | 1.0.7 | 7.00 | ERROR | |||
r-release-windows-x86_64 | 1.0.7 | 31.00 | 234.00 | 265.00 | OK | --no-vignettes |
r-oldrel-macos-arm64 | 1.0.7 | 14.00 | 232.00 | 246.00 | OK | |
r-oldrel-macos-x86_64 | 1.0.7 | 12.00 | ERROR | |||
r-oldrel-windows-x86_64 | 1.0.7 | 41.00 | 281.00 | 322.00 | OK | --no-vignettes |
Version: 1.0.7
Check: HTML version of manual
Result: NOTE
Found the following HTML validation problems:
ctCompareExpected.html:80:1 (ctCompareExpected.Rd:31): Warning: missing </ul> before </div>
Flavors: r-devel-linux-x86_64-debian-clang, r-devel-linux-x86_64-debian-gcc
Version: 1.0.7
Check: package dependencies
Result: ERROR
Package required but not available: ‘ctsem’
See section ‘The DESCRIPTION file’ in the ‘Writing R Extensions’
manual.
Flavors: r-release-macos-x86_64, r-oldrel-macos-x86_64